{"id":10405,"date":"2025-01-17T10:30:28","date_gmt":"2025-01-17T09:30:28","guid":{"rendered":"https:\/\/kreftforeningen.no\/innsamlingsaksjonen\/?page_id=10405"},"modified":"2026-02-13T13:15:01","modified_gmt":"2026-02-13T12:15:01","slug":"hva-er-en-gentest-og-hvorfor-er-den-viktig-for-kreftbehandling","status":"publish","type":"page","link":"https:\/\/kreftforeningen.no\/innsamlingsaksjonen\/hva-er-en-gentest-og-hvorfor-er-den-viktig-for-kreftbehandling\/","title":{"rendered":"Hva er en gentest og hvorfor er den viktig for kreftbehandling?\u00a0"},"content":{"rendered":"\n<div class=\"wp-block-kf-ingress\"><div class=\"kf-header__ingress\"><p>En gentest er en avansert diagnostisk metode som analyserer kreftsvulstens genetiske profil for \u00e5 avdekke mutasjoner og andre genfeil som driver kreftutviklingen. Funnene kan gi oss en mer tilpasset behandling som passer til akkurat den type genfeil en pasient har. Gentest er dermed en viktig brikke i moderne kreftbehandling, som kan \u00e5pne for nye behandlingsmuligheter og gi et lenger liv til flere.<\/p><\/div><\/div>\n\n\n\n<figure class=\"wp-block-image size-large\"><img loading=\"lazy\" decoding=\"async\" width=\"1024\" height=\"683\" src=\"https:\/\/kreftforeningen.no\/content\/uploads\/2026\/02\/pe0068966-1024x683.jpg\" alt=\"En forsker i laboratoriefrakk bruker en pipette til \u00e5 tilsette v\u00e6ske i oransjefylte reagensglass i et laboratorium.\" class=\"wp-image-205481\" srcset=\"https:\/\/kreftforeningen.no\/content\/uploads\/2026\/02\/pe0068966-1024x683.jpg 1024w, https:\/\/kreftforeningen.no\/content\/uploads\/2026\/02\/pe0068966-300x200.jpg 300w, https:\/\/kreftforeningen.no\/content\/uploads\/2026\/02\/pe0068966-768x512.jpg 768w, https:\/\/kreftforeningen.no\/content\/uploads\/2026\/02\/pe0068966-135x90.jpg 135w, https:\/\/kreftforeningen.no\/content\/uploads\/2026\/02\/pe0068966.jpg 1224w\" sizes=\"(max-width: 1024px) 100vw, 1024px\" \/><\/figure>\n\n\n\n<h2 class=\"wp-block-heading\" id=\"h-hvordan-fungerer-en-gentest-nbsp\">Hvordan fungerer en gentest?&nbsp;<\/h2>\n\n\n\n<p>En gentest starter med en pr\u00f8ve fra svulsten \u2013 enten en vevspr\u00f8ve fra en operasjon eller biopsi, eller en blodpr\u00f8ve. Denne pr\u00f8ven analyseres ved hjelp av avanserte maskiner som kartlegger genene i kreftcellene. Resultatet er en genetisk \u00absignatur\u00bb som viser hvilke mutasjoner eller genfeil som er til stede i kreftsvulsten.<\/p>\n\n\n\n<p>Disse dataene blir deretter tolket av spesialister som vurderer om det finnes behandlinger som retter seg spesifikt mot disse genfeilene. I mange tilfeller kan dette \u00e5pne d\u00f8ren til behandlinger som immunterapi eller nyutviklede legemidler.<\/p>\n\n\n\n<h2 class=\"wp-block-heading\" id=\"h-hvem-far-gentest-i-dag-nbsp\">Hvem f\u00e5r gentest i dag?&nbsp;<\/h2>\n\n\n\n<p>I tidlige faser, n\u00e5r kreften ikke har spredd seg, er det blitt vanlig \u00e5 unders\u00f8ke enkelte gener for \u00e5 sjekke om pasientene kan ha nytte av allerede godkjente medisiner for deres kreftsykdom. Dersom kreften har spredd seg og all tilgjengelig behandling er brukt opp, kan pasienten i dag tilbys en utvidet gentest av svulsten. Dette skjer gjennom en nasjonal satsning hvor man tester opptil 500 gener i en enkelt pr\u00f8ve. En slik utvidet gentest dekker de aller fleste genedringene i svulsten det i dag finnes behandling for. Dette gj\u00f8r at man kan finne behandlinger som pasienten ellers ikke ville f\u00e5tt tilgang til.<\/p>\n\n\n\n<p>Likevel er det fortsatt for store forskjeller i hvem som f\u00e5r tilbud om en gentest, antallet som f\u00e5r tilbudet er altfor lavt, noe som gj\u00f8r dette til et prioritert omr\u00e5de for utvikling og forskning for Kreftforeningen.<\/p>\n\n\n\n<h2 class=\"wp-block-heading\" id=\"h-hva-kan-en-gentest-avslore-og-hvorfor-er-den-viktig\">Hva kan en gentest avsl\u00f8re <strong>og hvorfor er den viktig?<\/strong><\/h2>\n\n\n\n<p>En gentest kan avdekke:<\/p>\n\n\n\n<ul class=\"wp-block-list\">\n<li>Mutasjoner som har gjort friske celler om til kreftceller.<\/li>\n\n\n\n<li>Endringer som p\u00e5virker hvordan kreften sprer seg, vokser eller reagerer p\u00e5 behandling.<\/li>\n\n\n\n<li>S\u00e5rbarheter i kreftcellene som kan utnyttes av m\u00e5lrettede behandlinger.<\/li>\n\n\n\n<li>Endringer i kreftcellene som sier noe om hvilke behandlinger som ikke vil ha effekt<\/li>\n<\/ul>\n\n\n\n<p>Basert p\u00e5 resultatene fra gentesten vil man kunne finne ut hvilke behandlinger som kan v\u00e6re mest effektiv for den enkelte. Hos en del pasienter finner man dessverre ikke noe som kan behandles.&nbsp;For kreftpasienter med spredning er det allikevel viktig \u00e5 f\u00e5 denne testen for \u00e5 avdekke alle muligheter for behandling. For mange pasienter som har brukt opp alle andre behandlingsmuligheter, kan en gentest v\u00e6re inngangsbilletten til en ny sjanse. Det er viktig \u00e5 vite at enhver stein er snudd. Selv om det ikke finnes behandlinger for alle genetiske endringer i dag, kan gentesten finne verdifull informasjon som kan bli relevant med fremtidige medisinske gjennombrudd.<\/p>\n\n\n\n<p>Kliniske studier som IMPRESS-Norway, gir pasienter tilgang til m\u00e5lrettet behandling basert p\u00e5 gentestresultatene. Slike studier er viktige fordi de ikke bare gir pasientene nye muligheter, men ogs\u00e5 bidrar til \u00e5 samle verdifull kunnskap som kan redde liv i fremtiden.<\/p>\n\n\n\n<p>Gentest er ogs\u00e5 en del av en st\u00f8rre nasjonal satsing p\u00e5 presisjonsdiagnostikk i Norge. Dette nasjonale samarbeidet sikrer at norske sykehus har tilgang til teknologi og kompetanse for \u00e5 utf\u00f8re gentester. Likevel er kapasiteten begrenset, og for f\u00e5 pasienter f\u00e5r i dag dette tilbudet.<\/p>\n\n\n\n\n\n\n\n<p>Gentest gir h\u00e5p om mer effektive og sk\u00e5nsomme behandlinger for dagens kreftpasienter. Den bidrar ogs\u00e5 til \u00e5 samle kunnskap som kan hjelpe fremtidige generasjoner.<\/p>\n\n\n\n<p>Hvis du er under behandling og tror du kan ha nytte av en gentest, snakk med kreftlegen din eller kontakt <a href=\"https:\/\/kreftforeningen.no\/tilbud\/kreftforeningens-radgivningstjeneste\/\" target=\"_blank\" rel=\"noreferrer noopener\">Kreftforeningens r\u00e5dgivningstjeneste.<\/a>&nbsp;<\/p>\n\n\n\n<h2 class=\"wp-block-heading\" id=\"h-kreftforeningens-innsamlingsaksjon\">Kreftforeningens innsamlingsaksjon<\/h2>\n\n\n\n<p><a href=\"https:\/\/kreftforeningen.no\/innsamlingsaksjonen\/\">Kreftforeningens innsamlingsaksjon<\/a> er v\u00e5r \u00e5rlige dugnad for \u00e5 samle inn penger til livsviktig kreftforskning. \u00c5rets aksjon st\u00f8tter forskning slik at alle kreftpasienter som kan ha nytte av det, f\u00e5r tilbud om gentest og den beste behandlingen basert p\u00e5 resultatene.<\/p>\n\n\n\n\n\t<div style=\"min-height:400px\" class=\"has-background-dim has-blue-light-background-color is-style-content-right wp-block-teft-banner\" id=\"wp-block-teft-banner-b654a09ea359\">\n\t\t\t\t\t<div class=\"wp-block-teft-banner__media\" style=\"background-image: url(https:\/\/kreftforeningen.no\/content\/uploads\/2026\/01\/2.png);background-position: 46% 69%\">\n\t\t\t<\/div>\n\t\t\t\t<div class=\"wp-block-teft-banner__inner-container\">\n\t\t\t\n\n<h2 class=\"wp-block-heading\" id=\"h-ga-for-kreftsaken-sondag-15-mars\">G\u00e5 for kreftsaken s\u00f8ndag 15. mars!<\/h2>\n\n\n\n<p><\/p>\n\n\n\n<p>Pengene som samles inn til Kreftforeningens innsamlingsaksjon bidrar til at pasienter som kan ha nytte av det kan f\u00e5 en gentest. Det kan \u00e5pne for ny behandling, som kan forlenge livet til flere.<\/p>\n\n\n\n<p>Meld deg som innsamler n\u00e5, og bli med p\u00e5 \u00e5 gi h\u00e5p til tusenvis av familier!<\/p>\n\n\n\n<div class=\"wp-block-button\"><a class=\"wp-block-button__link wp-element-button\" href=\"https:\/\/innsamler.kreftforeningen.no\/?utm_source=nettside_blokk&amp;utm_medium=organisk&amp;utm_campaign=kia_2025&amp;utm_term=alle&amp;utm_content=knapp_monster_smal\">Meld deg som innsamler<\/a><\/div>\n\n\t\t<\/div>\n\t<\/div>\n\t","protected":false},"excerpt":{"rendered":"<p>Hvordan fungerer en gentest?&nbsp; En gentest starter med en pr\u00f8ve fra svulsten \u2013 enten en vevspr\u00f8ve fra en operasjon eller biopsi, eller en blodpr\u00f8ve. Denne pr\u00f8ven analyseres ved hjelp av avanserte maskiner som kartlegger genene i kreftcellene. Resultatet er en genetisk \u00absignatur\u00bb som viser hvilke mutasjoner eller genfeil som er til stede i kreftsvulsten. Disse [&hellip;]<\/p>\n","protected":false},"author":68,"featured_media":205481,"parent":0,"menu_order":0,"comment_status":"closed","ping_status":"closed","template":"","meta":{"_relevanssi_hide_post":"","_relevanssi_hide_content":"","_relevanssi_pin_for_all":"","_relevanssi_pin_keywords":"","_relevanssi_unpin_keywords":"","_relevanssi_related_keywords":"","_relevanssi_related_include_ids":"","_relevanssi_related_exclude_ids":"","_relevanssi_related_no_append":"","_relevanssi_related_not_related":"","_relevanssi_related_posts":"7200,13,9813,8745,7198,9568","_relevanssi_noindex_reason":"","kf_show_post_date":false,"kf_show_updated_date":false,"kf_show_print_page":false,"kf_show_chapters":false,"kf_show_chapters_expanded":false,"kf_show_post_outdated":true,"kf_post_authors":[],"kf_toggle_title":false,"teft_cards_label":"","kf_is_template":false,"teft_cards_image_id":0,"teft_cards_image_focal_point_x":0,"teft_cards_image_focal_point_y":0,"teft_cards_title":"","teft_cards_excerpt":"","footnotes":""},"class_list":["post-10405","page","type-page","status-publish","has-post-thumbnail","hentry"],"yoast_head":"<!-- This site is optimized with the Yoast SEO Premium plugin v26.8 (Yoast SEO v26.8) - https:\/\/yoast.com\/product\/yoast-seo-premium-wordpress\/ -->\n<title>Hva er en gentest og hvorfor er den viktig for kreftbehandling?\u00a0 - Kreftforeningens innsamlingsaksjon<\/title>\n<meta name=\"description\" content=\"Gentesting er en viktig brikke i moderne kreftbehandling. Les hva en gentest er og hvorfor det er viktig kreftbehandling.\" \/>\n<meta name=\"robots\" content=\"index, follow, max-snippet:-1, max-image-preview:large, max-video-preview:-1\" \/>\n<link rel=\"canonical\" href=\"https:\/\/kreftforeningen.no\/innsamlingsaksjonen\/hva-er-en-gentest-og-hvorfor-er-den-viktig-for-kreftbehandling\/\" \/>\n<meta property=\"og:locale\" content=\"nb_NO\" \/>\n<meta property=\"og:type\" content=\"article\" \/>\n<meta property=\"og:title\" content=\"Hva er en gentest og hvorfor er den viktig for kreftbehandling?\u00a0\" \/>\n<meta property=\"og:description\" content=\"Gentesting er en viktig brikke i moderne kreftbehandling. Les hva en gentest er og hvorfor det er viktig kreftbehandling.\" \/>\n<meta property=\"og:url\" content=\"https:\/\/kreftforeningen.no\/innsamlingsaksjonen\/hva-er-en-gentest-og-hvorfor-er-den-viktig-for-kreftbehandling\/\" \/>\n<meta property=\"og:site_name\" content=\"Kreftforeningens innsamlingsaksjon\" \/>\n<meta property=\"article:published_time\" content=\"2025-01-17T09:30:28+00:00\" \/>\n<meta property=\"article:modified_time\" content=\"2026-02-13T12:15:01+00:00\" \/>\n<meta property=\"og:image\" content=\"https:\/\/kreftforeningen.no\/content\/uploads\/2026\/02\/pe0068966.jpg\" \/>\n\t<meta property=\"og:image:width\" content=\"1224\" \/>\n\t<meta property=\"og:image:height\" content=\"816\" \/>\n\t<meta property=\"og:image:type\" content=\"image\/jpeg\" \/>\n<meta name=\"twitter:card\" content=\"summary_large_image\" \/>\n<meta name=\"twitter:label1\" content=\"Ansl. lesetid\" \/>\n\t<meta name=\"twitter:data1\" content=\"12 minutter\" \/>\n<script type=\"application\/ld+json\" class=\"yoast-schema-graph\">{\"@context\":\"https:\/\/schema.org\",\"@graph\":[{\"@type\":\"WebPage\",\"@id\":\"https:\/\/kreftforeningen.no\/innsamlingsaksjonen\/hva-er-en-gentest-og-hvorfor-er-den-viktig-for-kreftbehandling\/\",\"url\":\"https:\/\/kreftforeningen.no\/innsamlingsaksjonen\/hva-er-en-gentest-og-hvorfor-er-den-viktig-for-kreftbehandling\/\",\"name\":\"Hva er en gentest og hvorfor er den viktig for kreftbehandling?\u00a0 - Kreftforeningens innsamlingsaksjon\",\"isPartOf\":{\"@id\":\"https:\/\/kreftforeningen.no\/innsamlingsaksjonen\/#website\"},\"primaryImageOfPage\":{\"@id\":\"https:\/\/kreftforeningen.no\/innsamlingsaksjonen\/hva-er-en-gentest-og-hvorfor-er-den-viktig-for-kreftbehandling\/#primaryimage\"},\"image\":{\"@id\":\"https:\/\/kreftforeningen.no\/innsamlingsaksjonen\/hva-er-en-gentest-og-hvorfor-er-den-viktig-for-kreftbehandling\/#primaryimage\"},\"thumbnailUrl\":\"https:\/\/kreftforeningen.no\/content\/uploads\/2026\/02\/pe0068966.jpg\",\"datePublished\":\"2025-01-17T09:30:28+00:00\",\"dateModified\":\"2026-02-13T12:15:01+00:00\",\"description\":\"Gentesting er en viktig brikke i moderne kreftbehandling. Les hva en gentest er og hvorfor det er viktig kreftbehandling.\",\"breadcrumb\":{\"@id\":\"https:\/\/kreftforeningen.no\/innsamlingsaksjonen\/hva-er-en-gentest-og-hvorfor-er-den-viktig-for-kreftbehandling\/#breadcrumb\"},\"inLanguage\":\"nb-NO\",\"potentialAction\":[{\"@type\":\"ReadAction\",\"target\":[\"https:\/\/kreftforeningen.no\/innsamlingsaksjonen\/hva-er-en-gentest-og-hvorfor-er-den-viktig-for-kreftbehandling\/\"]}]},{\"@type\":\"ImageObject\",\"inLanguage\":\"nb-NO\",\"@id\":\"https:\/\/kreftforeningen.no\/innsamlingsaksjonen\/hva-er-en-gentest-og-hvorfor-er-den-viktig-for-kreftbehandling\/#primaryimage\",\"url\":\"https:\/\/kreftforeningen.no\/content\/uploads\/2026\/02\/pe0068966.jpg\",\"contentUrl\":\"https:\/\/kreftforeningen.no\/content\/uploads\/2026\/02\/pe0068966.jpg\"},{\"@type\":\"BreadcrumbList\",\"@id\":\"https:\/\/kreftforeningen.no\/innsamlingsaksjonen\/hva-er-en-gentest-og-hvorfor-er-den-viktig-for-kreftbehandling\/#breadcrumb\",\"itemListElement\":[{\"@type\":\"ListItem\",\"position\":1,\"name\":\"Forside\",\"item\":\"https:\/\/kreftforeningen.no\/innsamlingsaksjonen\/\"},{\"@type\":\"ListItem\",\"position\":2,\"name\":\"Hva er en gentest og hvorfor er den viktig for kreftbehandling?\u00a0\"}]},{\"@type\":\"WebSite\",\"@id\":\"https:\/\/kreftforeningen.no\/innsamlingsaksjonen\/#website\",\"url\":\"https:\/\/kreftforeningen.no\/innsamlingsaksjonen\/\",\"name\":\"Kreftforeningens innsamlingsaksjon\",\"description\":\"\",\"publisher\":{\"@id\":\"https:\/\/kreftforeningen.no\/innsamlingsaksjonen\/#organization\"},\"potentialAction\":[{\"@type\":\"SearchAction\",\"target\":{\"@type\":\"EntryPoint\",\"urlTemplate\":\"https:\/\/kreftforeningen.no\/innsamlingsaksjonen\/?s={search_term_string}\"},\"query-input\":{\"@type\":\"PropertyValueSpecification\",\"valueRequired\":true,\"valueName\":\"search_term_string\"}}],\"inLanguage\":\"nb-NO\"},{\"@type\":\"Organization\",\"@id\":\"https:\/\/kreftforeningen.no\/innsamlingsaksjonen\/#organization\",\"name\":\"Kreftforeningens innsamlingsaksjon\",\"url\":\"https:\/\/kreftforeningen.no\/innsamlingsaksjonen\/\",\"logo\":{\"@type\":\"ImageObject\",\"inLanguage\":\"nb-NO\",\"@id\":\"https:\/\/kreftforeningen.no\/innsamlingsaksjonen\/#\/schema\/logo\/image\/\",\"url\":\"https:\/\/kreftforeningen.no\/content\/uploads\/2023\/11\/Kreftforeningen_logo_med_innsamlingsaksjonen-hor.svg\",\"contentUrl\":\"https:\/\/kreftforeningen.no\/content\/uploads\/2023\/11\/Kreftforeningen_logo_med_innsamlingsaksjonen-hor.svg\",\"caption\":\"Kreftforeningens innsamlingsaksjon\"},\"image\":{\"@id\":\"https:\/\/kreftforeningen.no\/innsamlingsaksjonen\/#\/schema\/logo\/image\/\"}}]}<\/script>\n<!-- \/ Yoast SEO Premium plugin. -->","yoast_head_json":{"title":"Hva er en gentest og hvorfor er den viktig for kreftbehandling?\u00a0 - Kreftforeningens innsamlingsaksjon","description":"Gentesting er en viktig brikke i moderne kreftbehandling. Les hva en gentest er og hvorfor det er viktig kreftbehandling.","robots":{"index":"index","follow":"follow","max-snippet":"max-snippet:-1","max-image-preview":"max-image-preview:large","max-video-preview":"max-video-preview:-1"},"canonical":"https:\/\/kreftforeningen.no\/innsamlingsaksjonen\/hva-er-en-gentest-og-hvorfor-er-den-viktig-for-kreftbehandling\/","og_locale":"nb_NO","og_type":"article","og_title":"Hva er en gentest og hvorfor er den viktig for kreftbehandling?\u00a0","og_description":"Gentesting er en viktig brikke i moderne kreftbehandling. Les hva en gentest er og hvorfor det er viktig kreftbehandling.","og_url":"https:\/\/kreftforeningen.no\/innsamlingsaksjonen\/hva-er-en-gentest-og-hvorfor-er-den-viktig-for-kreftbehandling\/","og_site_name":"Kreftforeningens innsamlingsaksjon","article_published_time":"2025-01-17T09:30:28+00:00","article_modified_time":"2026-02-13T12:15:01+00:00","og_image":[{"width":1224,"height":816,"url":"https:\/\/kreftforeningen.no\/content\/uploads\/2026\/02\/pe0068966.jpg","type":"image\/jpeg"}],"twitter_card":"summary_large_image","twitter_misc":{"Ansl. lesetid":"12 minutter"},"schema":{"@context":"https:\/\/schema.org","@graph":[{"@type":"WebPage","@id":"https:\/\/kreftforeningen.no\/innsamlingsaksjonen\/hva-er-en-gentest-og-hvorfor-er-den-viktig-for-kreftbehandling\/","url":"https:\/\/kreftforeningen.no\/innsamlingsaksjonen\/hva-er-en-gentest-og-hvorfor-er-den-viktig-for-kreftbehandling\/","name":"Hva er en gentest og hvorfor er den viktig for kreftbehandling?\u00a0 - Kreftforeningens innsamlingsaksjon","isPartOf":{"@id":"https:\/\/kreftforeningen.no\/innsamlingsaksjonen\/#website"},"primaryImageOfPage":{"@id":"https:\/\/kreftforeningen.no\/innsamlingsaksjonen\/hva-er-en-gentest-og-hvorfor-er-den-viktig-for-kreftbehandling\/#primaryimage"},"image":{"@id":"https:\/\/kreftforeningen.no\/innsamlingsaksjonen\/hva-er-en-gentest-og-hvorfor-er-den-viktig-for-kreftbehandling\/#primaryimage"},"thumbnailUrl":"https:\/\/kreftforeningen.no\/content\/uploads\/2026\/02\/pe0068966.jpg","datePublished":"2025-01-17T09:30:28+00:00","dateModified":"2026-02-13T12:15:01+00:00","description":"Gentesting er en viktig brikke i moderne kreftbehandling. Les hva en gentest er og hvorfor det er viktig kreftbehandling.","breadcrumb":{"@id":"https:\/\/kreftforeningen.no\/innsamlingsaksjonen\/hva-er-en-gentest-og-hvorfor-er-den-viktig-for-kreftbehandling\/#breadcrumb"},"inLanguage":"nb-NO","potentialAction":[{"@type":"ReadAction","target":["https:\/\/kreftforeningen.no\/innsamlingsaksjonen\/hva-er-en-gentest-og-hvorfor-er-den-viktig-for-kreftbehandling\/"]}]},{"@type":"ImageObject","inLanguage":"nb-NO","@id":"https:\/\/kreftforeningen.no\/innsamlingsaksjonen\/hva-er-en-gentest-og-hvorfor-er-den-viktig-for-kreftbehandling\/#primaryimage","url":"https:\/\/kreftforeningen.no\/content\/uploads\/2026\/02\/pe0068966.jpg","contentUrl":"https:\/\/kreftforeningen.no\/content\/uploads\/2026\/02\/pe0068966.jpg"},{"@type":"BreadcrumbList","@id":"https:\/\/kreftforeningen.no\/innsamlingsaksjonen\/hva-er-en-gentest-og-hvorfor-er-den-viktig-for-kreftbehandling\/#breadcrumb","itemListElement":[{"@type":"ListItem","position":1,"name":"Forside","item":"https:\/\/kreftforeningen.no\/innsamlingsaksjonen\/"},{"@type":"ListItem","position":2,"name":"Hva er en gentest og hvorfor er den viktig for kreftbehandling?\u00a0"}]},{"@type":"WebSite","@id":"https:\/\/kreftforeningen.no\/innsamlingsaksjonen\/#website","url":"https:\/\/kreftforeningen.no\/innsamlingsaksjonen\/","name":"Kreftforeningens innsamlingsaksjon","description":"","publisher":{"@id":"https:\/\/kreftforeningen.no\/innsamlingsaksjonen\/#organization"},"potentialAction":[{"@type":"SearchAction","target":{"@type":"EntryPoint","urlTemplate":"https:\/\/kreftforeningen.no\/innsamlingsaksjonen\/?s={search_term_string}"},"query-input":{"@type":"PropertyValueSpecification","valueRequired":true,"valueName":"search_term_string"}}],"inLanguage":"nb-NO"},{"@type":"Organization","@id":"https:\/\/kreftforeningen.no\/innsamlingsaksjonen\/#organization","name":"Kreftforeningens innsamlingsaksjon","url":"https:\/\/kreftforeningen.no\/innsamlingsaksjonen\/","logo":{"@type":"ImageObject","inLanguage":"nb-NO","@id":"https:\/\/kreftforeningen.no\/innsamlingsaksjonen\/#\/schema\/logo\/image\/","url":"https:\/\/kreftforeningen.no\/content\/uploads\/2023\/11\/Kreftforeningen_logo_med_innsamlingsaksjonen-hor.svg","contentUrl":"https:\/\/kreftforeningen.no\/content\/uploads\/2023\/11\/Kreftforeningen_logo_med_innsamlingsaksjonen-hor.svg","caption":"Kreftforeningens innsamlingsaksjon"},"image":{"@id":"https:\/\/kreftforeningen.no\/innsamlingsaksjonen\/#\/schema\/logo\/image\/"}}]}},"_links":{"self":[{"href":"https:\/\/kreftforeningen.no\/innsamlingsaksjonen\/wp-json\/wp\/v2\/pages\/10405"}],"collection":[{"href":"https:\/\/kreftforeningen.no\/innsamlingsaksjonen\/wp-json\/wp\/v2\/pages"}],"about":[{"href":"https:\/\/kreftforeningen.no\/innsamlingsaksjonen\/wp-json\/wp\/v2\/types\/page"}],"author":[{"embeddable":true,"href":"https:\/\/kreftforeningen.no\/innsamlingsaksjonen\/wp-json\/wp\/v2\/users\/68"}],"replies":[{"embeddable":true,"href":"https:\/\/kreftforeningen.no\/innsamlingsaksjonen\/wp-json\/wp\/v2\/comments?post=10405"}],"version-history":[{"count":18,"href":"https:\/\/kreftforeningen.no\/innsamlingsaksjonen\/wp-json\/wp\/v2\/pages\/10405\/revisions"}],"predecessor-version":[{"id":11105,"href":"https:\/\/kreftforeningen.no\/innsamlingsaksjonen\/wp-json\/wp\/v2\/pages\/10405\/revisions\/11105"}],"wp:featuredmedia":[{"embeddable":true,"href":"https:\/\/kreftforeningen.no\/innsamlingsaksjonen\/wp-json\/"}],"wp:attachment":[{"href":"https:\/\/kreftforeningen.no\/innsamlingsaksjonen\/wp-json\/wp\/v2\/media?parent=10405"}],"curies":[{"name":"wp","href":"https:\/\/api.w.org\/{rel}","templated":true}]}}