{"id":20,"date":"2020-05-05T14:30:49","date_gmt":"2020-05-05T12:30:49","guid":{"rendered":"https:\/\/stage2.kreftforeningen.no\/stafettforlivet\/?page_id=20"},"modified":"2026-02-04T12:47:58","modified_gmt":"2026-02-04T11:47:58","slug":"bli-frivillig","status":"publish","type":"page","link":"https:\/\/kreftforeningen.no\/stafettforlivet\/bli-frivillig\/","title":{"rendered":"Frivillig i Stafett for livet"},"content":{"rendered":"\n<div class=\"wp-block-kf-ingress\"><div class=\"kf-header__ingress\"><p>Kreftforeningens Stafett for livet er basert p\u00e5 frivillig innsats. Vi trenger mennesker med ulik bakgrunn og kompetanse til b\u00e5de sm\u00e5 og store oppgaver.<\/p><\/div><\/div>\n\n\n\n<div class=\"wp-block-buttons alignwide is-content-justification-center is-layout-flex wp-container-core-buttons-is-layout-1 wp-block-buttons-is-layout-flex\">\n<div class=\"wp-block-button\"><a class=\"wp-block-button__link has-purple-background-color has-background wp-element-button\" href=\"https:\/\/minside.kreftforeningen.no\" target=\"_blank\" rel=\"noreferrer noopener\">Ja, jeg vil bli frivillig (min side)<\/a><\/div>\n<\/div>\n\n\n\n<figure class=\"wp-block-image size-large\"><img loading=\"lazy\" decoding=\"async\" width=\"1024\" height=\"866\" src=\"https:\/\/kreftforeningen.no\/content\/uploads\/2025\/04\/Frivillig_Bergen-1-1024x866.jpg\" alt=\"To personer if\u00f8rt lilla vester merket \u00abFRIVILLIG STAFETT FOR LIVET\u00bb st\u00e5r side om side p\u00e5 en bane, med en persons arm rundt den andre, p\u00e5 et utend\u00f8rsarrangement.\" class=\"wp-image-190200\" srcset=\"https:\/\/kreftforeningen.no\/content\/uploads\/2025\/04\/Frivillig_Bergen-1-1024x866.jpg 1024w, https:\/\/kreftforeningen.no\/content\/uploads\/2025\/04\/Frivillig_Bergen-1-300x254.jpg 300w, https:\/\/kreftforeningen.no\/content\/uploads\/2025\/04\/Frivillig_Bergen-1-768x650.jpg 768w, https:\/\/kreftforeningen.no\/content\/uploads\/2025\/04\/Frivillig_Bergen-1-1536x1299.jpg 1536w, https:\/\/kreftforeningen.no\/content\/uploads\/2025\/04\/Frivillig_Bergen-1-135x114.jpg 135w, https:\/\/kreftforeningen.no\/content\/uploads\/2025\/04\/Frivillig_Bergen-1.jpg 1856w\" sizes=\"(max-width: 1024px) 100vw, 1024px\" \/><\/figure>\n\n\n\n<p>Stafett for livet drives av frivillige i Kreftforeningen, og de frivilliges innsats er helt avgj\u00f8rende for \u00e5 f\u00e5 til et godt arrangement. B\u00e5de i forkant og under stafetten er det mange ulike oppgaver som skal gj\u00f8res, og vi trenger frivillige i ulike roller.<\/p>\n\n\n\n<p>Som frivillig kan du v\u00e6re med over en lengre periode i en av arbeidsgruppene som st\u00e5r for planleggingen og gjennomf\u00f8ringen av stafetten, eller du kan v\u00e6re med som frivillig kun p\u00e5 selve arrangementet.<\/p>\n\n\n\n<h2 class=\"wp-block-heading\" id=\"h-eksempler-pa-oppgaver\">Eksempler p\u00e5 oppgaver<\/h2>\n\n\n\n<ul class=\"wp-block-list\">\n<li>rekruttere lag og deltakere<\/li>\n\n\n\n<li>arrangere fighter-runden<\/li>\n\n\n\n<li>hjelp under lysseremonien<\/li>\n\n\n\n<li>drive informasjons- og PR-arbeid<\/li>\n\n\n\n<li>logistikk og sikkerhet<\/li>\n\n\n\n<li>mat og drikke<\/li>\n\n\n\n<li>underholdning<\/li>\n\n\n\n<li>rigging av bord, telt og liknende<\/li>\n<\/ul>\n\n\n\n<figure class=\"wp-block-embed is-type-video is-provider-youtube wp-block-embed-youtube wp-embed-aspect-16-9 wp-has-aspect-ratio\"><div class=\"wp-block-embed__wrapper\">\n<iframe loading=\"lazy\" title=\"Frivillig i Kreftforeningens Stafett for livet | Kreftforeningen\" width=\"500\" height=\"281\" src=\"https:\/\/www.youtube-nocookie.com\/embed\/aL8nrlzMMzU?feature=oembed&#038;hl=no&#038;enablejsapi=1&#038;origin=https:\/\/kreftforeningen.no\" frameborder=\"0\" allow=\"accelerometer; autoplay; clipboard-write; encrypted-media; gyroscope; picture-in-picture; web-share\" referrerpolicy=\"strict-origin-when-cross-origin\" allowfullscreen><\/iframe>\n<\/div><\/figure>\n\n\n\n<h2 class=\"wp-block-heading\" id=\"h-gode-grunner-til-a-vaere-frivillig\">Gode grunner til \u00e5 v\u00e6re frivillig<\/h2>\n\n\n\n<p>Som frivillig gj\u00f8r du en forskjell for mange mennesker i ditt n\u00e6rmilj\u00f8. I tillegg f\u00e5r du verdifull organisasjons- og prosjekterfaring samt oppf\u00f8lging og oppl\u00e6ring tilpasset de oppgavene du skal gj\u00f8re. I tillegg f\u00e5r du et nytt og spennende nettverk.<\/p>\n\n\n\n<ul class=\"wp-block-list\">\n<li>Du gir h\u00e5p og st\u00f8tte til alle som er ber\u00f8rt av kreft i ditt lokalmilj\u00f8.<\/li>\n\n\n\n<li>Du gir flere livsviktig informasjon om kreft, og hvilke tilbud Kreftforeningen har.<\/li>\n\n\n\n<li>Du er med p\u00e5 \u00e5 samle inn penger til kreftsaken.<\/li>\n<\/ul>\n\n\n\n<p>Selve arrangementet er en positiv opplevelse \u2013 og en mulighet til \u00e5 f\u00e5 venner for livet!<\/p>\n\n\n\n<div class=\"wp-block-kf-cta-block has-purple-light-background-color content-align-left\"><div class=\"wp-block-cta-inner-block\">\n<h2 class=\"wp-block-heading\" id=\"h-for-frivillige\">For frivillige<\/h2>\n\n\n\n<p>Her finner du lenke til intranettsiden for frivillige i Stafett for livet.<\/p>\n\n\n\n<p>Denne siden inneholder verkt\u00f8y som du kan bruke i arbeidet ditt med stafetten. <\/p>\n\n\n\n<div class=\"wp-block-buttons is-layout-flex wp-block-buttons-is-layout-flex\">\n<div class=\"wp-block-button\"><a class=\"wp-block-button__link has-purple-background-color has-background wp-element-button\" href=\"https:\/\/app.tettra.co\/teams\/kreftforeningen\/subcategories\/111944\">Til frivilligsiden<\/a><\/div>\n<\/div>\n<\/div><\/div>\n\n\n\n<p><\/p>\n","protected":false},"excerpt":{"rendered":"<p>Stafett for livet drives av frivillige i Kreftforeningen, og de frivilliges innsats er helt avgj\u00f8rende for \u00e5 f\u00e5 til et godt arrangement. B\u00e5de i forkant og under stafetten er det mange ulike oppgaver som skal gj\u00f8res, og vi trenger frivillige i ulike roller. Som frivillig kan du v\u00e6re med over en lengre periode i en [&hellip;]<\/p>\n","protected":false},"author":30,"featured_media":190200,"parent":0,"menu_order":0,"comment_status":"closed","ping_status":"closed","template":"","meta":{"_relevanssi_hide_post":"","_relevanssi_hide_content":"","_relevanssi_pin_for_all":"","_relevanssi_pin_keywords":"","_relevanssi_unpin_keywords":"","_relevanssi_related_keywords":"","_relevanssi_related_include_ids":"","_relevanssi_related_exclude_ids":"","_relevanssi_related_no_append":"","_relevanssi_related_not_related":"","_relevanssi_related_posts":"196","_relevanssi_noindex_reason":"","kf_show_post_date":false,"kf_show_updated_date":false,"kf_show_print_page":false,"kf_show_chapters":false,"kf_show_chapters_expanded":false,"kf_show_post_outdated":true,"kf_post_authors":[],"kf_toggle_title":false,"teft_cards_label":"","kf_is_template":false,"teft_cards_image_id":0,"teft_cards_image_focal_point_x":0.5,"teft_cards_image_focal_point_y":0.5,"teft_cards_title":"","teft_cards_excerpt":"","footnotes":""},"class_list":["post-20","page","type-page","status-publish","has-post-thumbnail","hentry"],"yoast_head":"<!-- This site is optimized with the Yoast SEO Premium plugin v26.8 (Yoast SEO v26.8) - https:\/\/yoast.com\/product\/yoast-seo-premium-wordpress\/ -->\n<title>Frivillig i Stafett for livet - Kreftforeningens Stafett for livet<\/title>\n<meta name=\"robots\" content=\"index, follow, max-snippet:-1, max-image-preview:large, max-video-preview:-1\" \/>\n<link rel=\"canonical\" href=\"https:\/\/kreftforeningen.no\/stafettforlivet\/bli-frivillig\/\" \/>\n<meta property=\"og:locale\" content=\"nb_NO\" \/>\n<meta property=\"og:type\" content=\"article\" \/>\n<meta property=\"og:title\" content=\"Frivillig i Stafett for livet\" \/>\n<meta property=\"og:description\" content=\"Stafett for livet drives av frivillige i Kreftforeningen, og de frivilliges innsats er helt avgj\u00f8rende for \u00e5 f\u00e5 til et godt arrangement. B\u00e5de i forkant og under stafetten er det mange ulike oppgaver som skal gj\u00f8res, og vi trenger frivillige i ulike roller. Som frivillig kan du v\u00e6re med over en lengre periode i en [&hellip;]\" \/>\n<meta property=\"og:url\" content=\"https:\/\/kreftforeningen.no\/stafettforlivet\/bli-frivillig\/\" \/>\n<meta property=\"og:site_name\" content=\"Kreftforeningens Stafett for livet\" \/>\n<meta property=\"article:published_time\" content=\"2020-05-05T12:30:49+00:00\" \/>\n<meta property=\"article:modified_time\" content=\"2026-02-04T11:47:58+00:00\" \/>\n<meta property=\"og:image\" content=\"https:\/\/kreftforeningen.no\/content\/uploads\/2025\/04\/Frivillig_Bergen-1.jpg\" \/>\n\t<meta property=\"og:image:width\" content=\"1856\" \/>\n\t<meta property=\"og:image:height\" content=\"1570\" \/>\n\t<meta property=\"og:image:type\" content=\"image\/jpeg\" \/>\n<meta name=\"twitter:card\" content=\"summary_large_image\" \/>\n<meta name=\"twitter:label1\" content=\"Ansl. lesetid\" \/>\n\t<meta name=\"twitter:data1\" content=\"2 minutter\" \/>\n<script type=\"application\/ld+json\" class=\"yoast-schema-graph\">{\"@context\":\"https:\/\/schema.org\",\"@graph\":[{\"@type\":\"WebPage\",\"@id\":\"https:\/\/kreftforeningen.no\/stafettforlivet\/bli-frivillig\/\",\"url\":\"https:\/\/kreftforeningen.no\/stafettforlivet\/bli-frivillig\/\",\"name\":\"Frivillig i Stafett for livet - Kreftforeningens Stafett for livet\",\"isPartOf\":{\"@id\":\"https:\/\/kreftforeningen.no\/stafettforlivet\/#website\"},\"primaryImageOfPage\":{\"@id\":\"https:\/\/kreftforeningen.no\/stafettforlivet\/bli-frivillig\/#primaryimage\"},\"image\":{\"@id\":\"https:\/\/kreftforeningen.no\/stafettforlivet\/bli-frivillig\/#primaryimage\"},\"thumbnailUrl\":\"https:\/\/kreftforeningen.no\/content\/uploads\/2025\/04\/Frivillig_Bergen-1.jpg\",\"datePublished\":\"2020-05-05T12:30:49+00:00\",\"dateModified\":\"2026-02-04T11:47:58+00:00\",\"breadcrumb\":{\"@id\":\"https:\/\/kreftforeningen.no\/stafettforlivet\/bli-frivillig\/#breadcrumb\"},\"inLanguage\":\"nb-NO\",\"potentialAction\":[{\"@type\":\"ReadAction\",\"target\":[\"https:\/\/kreftforeningen.no\/stafettforlivet\/bli-frivillig\/\"]}]},{\"@type\":\"ImageObject\",\"inLanguage\":\"nb-NO\",\"@id\":\"https:\/\/kreftforeningen.no\/stafettforlivet\/bli-frivillig\/#primaryimage\",\"url\":\"https:\/\/kreftforeningen.no\/content\/uploads\/2025\/04\/Frivillig_Bergen-1.jpg\",\"contentUrl\":\"https:\/\/kreftforeningen.no\/content\/uploads\/2025\/04\/Frivillig_Bergen-1.jpg\"},{\"@type\":\"BreadcrumbList\",\"@id\":\"https:\/\/kreftforeningen.no\/stafettforlivet\/bli-frivillig\/#breadcrumb\",\"itemListElement\":[{\"@type\":\"ListItem\",\"position\":1,\"name\":\"Forside\",\"item\":\"https:\/\/kreftforeningen.no\/stafettforlivet\/\"},{\"@type\":\"ListItem\",\"position\":2,\"name\":\"Frivillig i Stafett for livet\"}]},{\"@type\":\"WebSite\",\"@id\":\"https:\/\/kreftforeningen.no\/stafettforlivet\/#website\",\"url\":\"https:\/\/kreftforeningen.no\/stafettforlivet\/\",\"name\":\"Kreftforeningens Stafett for livet\",\"description\":\"\",\"publisher\":{\"@id\":\"https:\/\/kreftforeningen.no\/stafettforlivet\/#organization\"},\"potentialAction\":[{\"@type\":\"SearchAction\",\"target\":{\"@type\":\"EntryPoint\",\"urlTemplate\":\"https:\/\/kreftforeningen.no\/stafettforlivet\/?s={search_term_string}\"},\"query-input\":{\"@type\":\"PropertyValueSpecification\",\"valueRequired\":true,\"valueName\":\"search_term_string\"}}],\"inLanguage\":\"nb-NO\"},{\"@type\":\"Organization\",\"@id\":\"https:\/\/kreftforeningen.no\/stafettforlivet\/#organization\",\"name\":\"Kreftforeningens Stafett for livet\",\"url\":\"https:\/\/kreftforeningen.no\/stafettforlivet\/\",\"logo\":{\"@type\":\"ImageObject\",\"inLanguage\":\"nb-NO\",\"@id\":\"https:\/\/kreftforeningen.no\/stafettforlivet\/#\/schema\/logo\/image\/\",\"url\":\"https:\/\/kreftforeningen.no\/content\/uploads\/2020\/05\/cropped-LogoStafettForLivet130-1.png\",\"contentUrl\":\"https:\/\/kreftforeningen.no\/content\/uploads\/2020\/05\/cropped-LogoStafettForLivet130-1.png\",\"caption\":\"Kreftforeningens Stafett for livet\"},\"image\":{\"@id\":\"https:\/\/kreftforeningen.no\/stafettforlivet\/#\/schema\/logo\/image\/\"}}]}<\/script>\n<!-- \/ Yoast SEO Premium plugin. -->","yoast_head_json":{"title":"Frivillig i Stafett for livet - Kreftforeningens Stafett for livet","robots":{"index":"index","follow":"follow","max-snippet":"max-snippet:-1","max-image-preview":"max-image-preview:large","max-video-preview":"max-video-preview:-1"},"canonical":"https:\/\/kreftforeningen.no\/stafettforlivet\/bli-frivillig\/","og_locale":"nb_NO","og_type":"article","og_title":"Frivillig i Stafett for livet","og_description":"Stafett for livet drives av frivillige i Kreftforeningen, og de frivilliges innsats er helt avgj\u00f8rende for \u00e5 f\u00e5 til et godt arrangement. B\u00e5de i forkant og under stafetten er det mange ulike oppgaver som skal gj\u00f8res, og vi trenger frivillige i ulike roller. Som frivillig kan du v\u00e6re med over en lengre periode i en [&hellip;]","og_url":"https:\/\/kreftforeningen.no\/stafettforlivet\/bli-frivillig\/","og_site_name":"Kreftforeningens Stafett for livet","article_published_time":"2020-05-05T12:30:49+00:00","article_modified_time":"2026-02-04T11:47:58+00:00","og_image":[{"width":1856,"height":1570,"url":"https:\/\/kreftforeningen.no\/content\/uploads\/2025\/04\/Frivillig_Bergen-1.jpg","type":"image\/jpeg"}],"twitter_card":"summary_large_image","twitter_misc":{"Ansl. lesetid":"2 minutter"},"schema":{"@context":"https:\/\/schema.org","@graph":[{"@type":"WebPage","@id":"https:\/\/kreftforeningen.no\/stafettforlivet\/bli-frivillig\/","url":"https:\/\/kreftforeningen.no\/stafettforlivet\/bli-frivillig\/","name":"Frivillig i Stafett for livet - Kreftforeningens Stafett for livet","isPartOf":{"@id":"https:\/\/kreftforeningen.no\/stafettforlivet\/#website"},"primaryImageOfPage":{"@id":"https:\/\/kreftforeningen.no\/stafettforlivet\/bli-frivillig\/#primaryimage"},"image":{"@id":"https:\/\/kreftforeningen.no\/stafettforlivet\/bli-frivillig\/#primaryimage"},"thumbnailUrl":"https:\/\/kreftforeningen.no\/content\/uploads\/2025\/04\/Frivillig_Bergen-1.jpg","datePublished":"2020-05-05T12:30:49+00:00","dateModified":"2026-02-04T11:47:58+00:00","breadcrumb":{"@id":"https:\/\/kreftforeningen.no\/stafettforlivet\/bli-frivillig\/#breadcrumb"},"inLanguage":"nb-NO","potentialAction":[{"@type":"ReadAction","target":["https:\/\/kreftforeningen.no\/stafettforlivet\/bli-frivillig\/"]}]},{"@type":"ImageObject","inLanguage":"nb-NO","@id":"https:\/\/kreftforeningen.no\/stafettforlivet\/bli-frivillig\/#primaryimage","url":"https:\/\/kreftforeningen.no\/content\/uploads\/2025\/04\/Frivillig_Bergen-1.jpg","contentUrl":"https:\/\/kreftforeningen.no\/content\/uploads\/2025\/04\/Frivillig_Bergen-1.jpg"},{"@type":"BreadcrumbList","@id":"https:\/\/kreftforeningen.no\/stafettforlivet\/bli-frivillig\/#breadcrumb","itemListElement":[{"@type":"ListItem","position":1,"name":"Forside","item":"https:\/\/kreftforeningen.no\/stafettforlivet\/"},{"@type":"ListItem","position":2,"name":"Frivillig i Stafett for livet"}]},{"@type":"WebSite","@id":"https:\/\/kreftforeningen.no\/stafettforlivet\/#website","url":"https:\/\/kreftforeningen.no\/stafettforlivet\/","name":"Kreftforeningens Stafett for livet","description":"","publisher":{"@id":"https:\/\/kreftforeningen.no\/stafettforlivet\/#organization"},"potentialAction":[{"@type":"SearchAction","target":{"@type":"EntryPoint","urlTemplate":"https:\/\/kreftforeningen.no\/stafettforlivet\/?s={search_term_string}"},"query-input":{"@type":"PropertyValueSpecification","valueRequired":true,"valueName":"search_term_string"}}],"inLanguage":"nb-NO"},{"@type":"Organization","@id":"https:\/\/kreftforeningen.no\/stafettforlivet\/#organization","name":"Kreftforeningens Stafett for livet","url":"https:\/\/kreftforeningen.no\/stafettforlivet\/","logo":{"@type":"ImageObject","inLanguage":"nb-NO","@id":"https:\/\/kreftforeningen.no\/stafettforlivet\/#\/schema\/logo\/image\/","url":"https:\/\/kreftforeningen.no\/content\/uploads\/2020\/05\/cropped-LogoStafettForLivet130-1.png","contentUrl":"https:\/\/kreftforeningen.no\/content\/uploads\/2020\/05\/cropped-LogoStafettForLivet130-1.png","caption":"Kreftforeningens Stafett for livet"},"image":{"@id":"https:\/\/kreftforeningen.no\/stafettforlivet\/#\/schema\/logo\/image\/"}}]}},"_links":{"self":[{"href":"https:\/\/kreftforeningen.no\/stafettforlivet\/wp-json\/wp\/v2\/pages\/20"}],"collection":[{"href":"https:\/\/kreftforeningen.no\/stafettforlivet\/wp-json\/wp\/v2\/pages"}],"about":[{"href":"https:\/\/kreftforeningen.no\/stafettforlivet\/wp-json\/wp\/v2\/types\/page"}],"author":[{"embeddable":true,"href":"https:\/\/kreftforeningen.no\/stafettforlivet\/wp-json\/wp\/v2\/users\/30"}],"replies":[{"embeddable":true,"href":"https:\/\/kreftforeningen.no\/stafettforlivet\/wp-json\/wp\/v2\/comments?post=20"}],"version-history":[{"count":22,"href":"https:\/\/kreftforeningen.no\/stafettforlivet\/wp-json\/wp\/v2\/pages\/20\/revisions"}],"predecessor-version":[{"id":3107,"href":"https:\/\/kreftforeningen.no\/stafettforlivet\/wp-json\/wp\/v2\/pages\/20\/revisions\/3107"}],"wp:featuredmedia":[{"embeddable":true,"href":"https:\/\/kreftforeningen.no\/stafettforlivet\/wp-json\/"}],"wp:attachment":[{"href":"https:\/\/kreftforeningen.no\/stafettforlivet\/wp-json\/wp\/v2\/media?parent=20"}],"curies":[{"name":"wp","href":"https:\/\/api.w.org\/{rel}","templated":true}]}}