{"version":"1.0","provider_name":"Vardesenteret","provider_url":"https:\/\/kreftforeningen.no\/vardesenteret","author_name":"Malene Romestrand","author_url":"https:\/\/kreftforeningen.no\/vardesenteret\/aktuelt\/author\/malene\/","title":"Vardesenteret i Oslo","type":"rich","width":600,"height":338,"html":"<blockquote class=\"wp-embedded-content\" data-secret=\"2X7jIt8Qpj\"><a href=\"https:\/\/kreftforeningen.no\/vardesenteret\/oslo\/\">Vardesenteret i Oslo<\/a><\/blockquote><iframe sandbox=\"allow-scripts\" security=\"restricted\" src=\"https:\/\/kreftforeningen.no\/vardesenteret\/oslo\/embed\/#?secret=2X7jIt8Qpj\" width=\"600\" height=\"338\" title=\"&laquo;Vardesenteret i Oslo&raquo; &#8212; Vardesenteret\" data-secret=\"2X7jIt8Qpj\" frameborder=\"0\" marginwidth=\"0\" marginheight=\"0\" scrolling=\"no\" class=\"wp-embedded-content\"><\/iframe><script type=\"text\/javascript\">\n\/* <![CDATA[ *\/\n\/*! This file is auto-generated *\/\n!function(d,l){\"use strict\";l.querySelector&&d.addEventListener&&\"undefined\"!=typeof URL&&(d.wp=d.wp||{},d.wp.receiveEmbedMessage||(d.wp.receiveEmbedMessage=function(e){var t=e.data;if((t||t.secret||t.message||t.value)&&!\/[^a-zA-Z0-9]\/.test(t.secret)){for(var s,r,n,a=l.querySelectorAll('iframe[data-secret=\"'+t.secret+'\"]'),o=l.querySelectorAll('blockquote[data-secret=\"'+t.secret+'\"]'),c=new RegExp(\"^https?:$\",\"i\"),i=0;i<o.length;i++)o[i].style.display=\"none\";for(i=0;i<a.length;i++)s=a[i],e.source===s.contentWindow&&(s.removeAttribute(\"style\"),\"height\"===t.message?(1e3<(r=parseInt(t.value,10))?r=1e3:~~r<200&&(r=200),s.height=r):\"link\"===t.message&&(r=new URL(s.getAttribute(\"src\")),n=new URL(t.value),c.test(n.protocol))&&n.host===r.host&&l.activeElement===s&&(d.top.location.href=t.value))}},d.addEventListener(\"message\",d.wp.receiveEmbedMessage,!1),l.addEventListener(\"DOMContentLoaded\",function(){for(var e,t,s=l.querySelectorAll(\"iframe.wp-embedded-content\"),r=0;r<s.length;r++)(t=(e=s[r]).getAttribute(\"data-secret\"))||(t=Math.random().toString(36).substring(2,12),e.src+=\"#?secret=\"+t,e.setAttribute(\"data-secret\",t)),e.contentWindow.postMessage({message:\"ready\",secret:t},\"*\")},!1)))}(window,document);\n\/\/# sourceURL=https:\/\/kreftforeningen.no\/vardesenteret\/wp-includes\/js\/wp-embed.min.js\n\/* ]]> *\/\n<\/script>\n","description":"\u00c5pningstider Radiumhospitalet:Mandag til og med fredag: klokken 09.00-15.00 Vardesenteret p\u00e5 Ullev\u00e5l har stengt ned som f\u00f8lge av at det meste av kreftbehandling har flyttet fra Kreftsenteret. Siste \u00e5pningsdag p\u00e5 Vardesenteret Ullev\u00e5l var 26. juni 2025. Kontakt oss Disse m\u00f8ter du P\u00e5 Vardesenteret m\u00f8ter du mennesker med spesialkompetanse som kan hjelpe deg n\u00e5r du trenger det [&hellip;]"}

Åpningstider Radiumhospitalet:Mandag til og med fredag: klokken 09.00-15.00 Vardesenteret på Ullevål har stengt ned som følge av at det meste av kreftbehandling har flyttet fra Kreftsenteret. Siste åpningsdag på Vardesenteret Ullevål var 26. juni 2025. Kontakt oss Disse møter du På Vardesenteret møter du mennesker med spesialkompetanse som kan hjelpe deg når du trenger det [&hellip;]
