{"version":"1.0","provider_name":"Vardesenteret","provider_url":"https:\/\/kreftforeningen.no\/vardesenteret","author_name":"Malin Sveinsdotter Landr\u00f8 Lystad","author_url":"https:\/\/kreftforeningen.no\/vardesenteret\/aktuelt\/author\/malin\/","title":"Minikonsert med Jo Sverre","type":"rich","width":600,"height":338,"html":"<blockquote class=\"wp-embedded-content\" data-secret=\"THOI3T4ZtF\"><a href=\"https:\/\/kreftforeningen.no\/vardesenteret\/tilbud\/minikonsert-med-jo-sverre\/\">Minikonsert med Jo Sverre<\/a><\/blockquote><iframe sandbox=\"allow-scripts\" security=\"restricted\" src=\"https:\/\/kreftforeningen.no\/vardesenteret\/tilbud\/minikonsert-med-jo-sverre\/embed\/#?secret=THOI3T4ZtF\" width=\"600\" height=\"338\" title=\"&laquo;Minikonsert med Jo Sverre&raquo; &#8212; Vardesenteret\" data-secret=\"THOI3T4ZtF\" frameborder=\"0\" marginwidth=\"0\" marginheight=\"0\" scrolling=\"no\" class=\"wp-embedded-content\"><\/iframe><script type=\"text\/javascript\">\n\/* <![CDATA[ *\/\n\/*! This file is auto-generated *\/\n!function(d,l){\"use strict\";l.querySelector&&d.addEventListener&&\"undefined\"!=typeof URL&&(d.wp=d.wp||{},d.wp.receiveEmbedMessage||(d.wp.receiveEmbedMessage=function(e){var t=e.data;if((t||t.secret||t.message||t.value)&&!\/[^a-zA-Z0-9]\/.test(t.secret)){for(var s,r,n,a=l.querySelectorAll('iframe[data-secret=\"'+t.secret+'\"]'),o=l.querySelectorAll('blockquote[data-secret=\"'+t.secret+'\"]'),c=new RegExp(\"^https?:$\",\"i\"),i=0;i<o.length;i++)o[i].style.display=\"none\";for(i=0;i<a.length;i++)s=a[i],e.source===s.contentWindow&&(s.removeAttribute(\"style\"),\"height\"===t.message?(1e3<(r=parseInt(t.value,10))?r=1e3:~~r<200&&(r=200),s.height=r):\"link\"===t.message&&(r=new URL(s.getAttribute(\"src\")),n=new URL(t.value),c.test(n.protocol))&&n.host===r.host&&l.activeElement===s&&(d.top.location.href=t.value))}},d.addEventListener(\"message\",d.wp.receiveEmbedMessage,!1),l.addEventListener(\"DOMContentLoaded\",function(){for(var e,t,s=l.querySelectorAll(\"iframe.wp-embedded-content\"),r=0;r<s.length;r++)(t=(e=s[r]).getAttribute(\"data-secret\"))||(t=Math.random().toString(36).substring(2,12),e.src+=\"#?secret=\"+t,e.setAttribute(\"data-secret\",t)),e.contentWindow.postMessage({message:\"ready\",secret:t},\"*\")},!1)))}(window,document);\n\/\/# sourceURL=https:\/\/kreftforeningen.no\/vardesenteret\/wp-includes\/js\/wp-embed.min.js\n\/* ]]> *\/\n<\/script>\n","thumbnail_url":"https:\/\/kreftforeningen.no\/content\/uploads\/2026\/04\/Jo-Sverre.jpg","thumbnail_width":588,"thumbnail_height":393,"description":"Denne gangen f\u00e5r vi bes\u00f8k av Jo Sverre. Han er kjent for sin tilstedev\u00e6relse p\u00e5 scenen, sin lune humor og sine varme og inderlige tekster. Han er ofte \u00e5 h\u00f8re p\u00e5 NRK P1 og P3. Konserten er gratis og \u00e5pen for alle. Velkommen til konsert!"}

Malin Sveinsdotter Landrø Lystad

Denne gangen får vi besøk av Jo Sverre. Han er kjent for sin tilstedeværelse på scenen, sin lune humor og sine varme og inderlige tekster. Han er ofte å høre på NRK P1 og P3. Konserten er gratis og åpen for alle. Velkommen til konsert!
