{"version":"1.0","provider_name":"Vardesenteret","provider_url":"https:\/\/kreftforeningen.no\/vardesenteret","author_name":"Malin Sveinsdotter Landr\u00f8 Lystad","author_url":"https:\/\/kreftforeningen.no\/vardesenteret\/aktuelt\/author\/malin\/","title":"Temam\u00f8te: Fremtidsfullmakt","type":"rich","width":600,"height":338,"html":"<blockquote class=\"wp-embedded-content\" data-secret=\"qf9FmDcoIB\"><a href=\"https:\/\/kreftforeningen.no\/vardesenteret\/tilbud\/temamote-fremtidsfullmakt\/\">Temam\u00f8te: Fremtidsfullmakt<\/a><\/blockquote><iframe sandbox=\"allow-scripts\" security=\"restricted\" src=\"https:\/\/kreftforeningen.no\/vardesenteret\/tilbud\/temamote-fremtidsfullmakt\/embed\/#?secret=qf9FmDcoIB\" width=\"600\" height=\"338\" title=\"&laquo;Temam\u00f8te: Fremtidsfullmakt&raquo; &#8212; Vardesenteret\" data-secret=\"qf9FmDcoIB\" frameborder=\"0\" marginwidth=\"0\" marginheight=\"0\" scrolling=\"no\" class=\"wp-embedded-content\"><\/iframe><script type=\"text\/javascript\">\n\/* <![CDATA[ *\/\n\/*! This file is auto-generated *\/\n!function(d,l){\"use strict\";l.querySelector&&d.addEventListener&&\"undefined\"!=typeof URL&&(d.wp=d.wp||{},d.wp.receiveEmbedMessage||(d.wp.receiveEmbedMessage=function(e){var t=e.data;if((t||t.secret||t.message||t.value)&&!\/[^a-zA-Z0-9]\/.test(t.secret)){for(var s,r,n,a=l.querySelectorAll('iframe[data-secret=\"'+t.secret+'\"]'),o=l.querySelectorAll('blockquote[data-secret=\"'+t.secret+'\"]'),c=new RegExp(\"^https?:$\",\"i\"),i=0;i<o.length;i++)o[i].style.display=\"none\";for(i=0;i<a.length;i++)s=a[i],e.source===s.contentWindow&&(s.removeAttribute(\"style\"),\"height\"===t.message?(1e3<(r=parseInt(t.value,10))?r=1e3:~~r<200&&(r=200),s.height=r):\"link\"===t.message&&(r=new URL(s.getAttribute(\"src\")),n=new URL(t.value),c.test(n.protocol))&&n.host===r.host&&l.activeElement===s&&(d.top.location.href=t.value))}},d.addEventListener(\"message\",d.wp.receiveEmbedMessage,!1),l.addEventListener(\"DOMContentLoaded\",function(){for(var e,t,s=l.querySelectorAll(\"iframe.wp-embedded-content\"),r=0;r<s.length;r++)(t=(e=s[r]).getAttribute(\"data-secret\"))||(t=Math.random().toString(36).substring(2,12),e.src+=\"#?secret=\"+t,e.setAttribute(\"data-secret\",t)),e.contentWindow.postMessage({message:\"ready\",secret:t},\"*\")},!1)))}(window,document);\n\/\/# sourceURL=https:\/\/kreftforeningen.no\/vardesenteret\/wp-includes\/js\/wp-embed.min.js\n\/* ]]> *\/\n<\/script>\n","thumbnail_url":"https:\/\/kreftforeningen.no\/content\/uploads\/2026\/03\/omw_Tromso.103_Bruksrettighet__Fotograf_Ole-Martin-Wold_Copyright_-1-768x512.jpg","thumbnail_width":600,"thumbnail_height":400,"description":"P\u00e5 denne temakvelden m\u00f8ter vi jurist Thomas Smedsvig fra Kreftforeningens rettshjelp. Han skal fortelle om fremtidsfullmakt \u2013 hva det er, og hvorfor det kan v\u00e6re lurt \u00e5 ha en. En fremtidsfullmakt betyr at du selv kan bestemme hvem som skal ta viktige avgj\u00f8relser for deg, dersom du en dag ikke er i stand til det [&hellip;]"}

Malin Sveinsdotter Landrø Lystad

Temamøte: Fremtidsfullmakt

<blockquote class="wp-embedded-content" data-secret="qf9FmDcoIB"><a href="https://kreftforeningen.no/vardesenteret/tilbud/temamote-fremtidsfullmakt/">Temamøte: Fremtidsfullmakt</a></blockquote><iframe sandbox="allow-scripts" security="restricted" src="https://kreftforeningen.no/vardesenteret/tilbud/temamote-fremtidsfullmakt/embed/#?secret=qf9FmDcoIB" width="600" height="338" title="&laquo;Temamøte: Fremtidsfullmakt&raquo; &#8212; Vardesenteret" data-secret="qf9FmDcoIB" frameborder="0" marginwidth="0" marginheight="0" scrolling="no" class="wp-embedded-content"></iframe><script type="text/javascript">
/* <![CDATA[ */
/*! This file is auto-generated */
!function(d,l){"use strict";l.querySelector&&d.addEventListener&&"undefined"!=typeof URL&&(d.wp=d.wp||{},d.wp.receiveEmbedMessage||(d.wp.receiveEmbedMessage=function(e){var t=e.data;if((t||t.secret||t.message||t.value)&&!/[^a-zA-Z0-9]/.test(t.secret)){for(var s,r,n,a=l.querySelectorAll('iframe[data-secret="'+t.secret+'"]'),o=l.querySelectorAll('blockquote[data-secret="'+t.secret+'"]'),c=new RegExp("^https?:$","i"),i=0;i<o.length;i++)o[i].style.display="none";for(i=0;i<a.length;i++)s=a[i],e.source===s.contentWindow&&(s.removeAttribute("style"),"height"===t.message?(1e3<(r=parseInt(t.value,10))?r=1e3:~~r<200&&(r=200),s.height=r):"link"===t.message&&(r=new URL(s.getAttribute("src")),n=new URL(t.value),c.test(n.protocol))&&n.host===r.host&&l.activeElement===s&&(d.top.location.href=t.value))}},d.addEventListener("message",d.wp.receiveEmbedMessage,!1),l.addEventListener("DOMContentLoaded",function(){for(var e,t,s=l.querySelectorAll("iframe.wp-embedded-content"),r=0;r<s.length;r++)(t=(e=s[r]).getAttribute("data-secret"))||(t=Math.random().toString(36).substring(2,12),e.src+="#?secret="+t,e.setAttribute("data-secret",t)),e.contentWindow.postMessage({message:"ready",secret:t},"*")},!1)))}(window,document);
//# sourceURL=https://kreftforeningen.no/vardesenteret/wp-includes/js/wp-embed.min.js
/* ]]> */
</script>

På denne temakvelden møter vi jurist Thomas Smedsvig fra Kreftforeningens rettshjelp. Han skal fortelle om fremtidsfullmakt – hva det er, og hvorfor det kan være lurt å ha en. En fremtidsfullmakt betyr at du selv kan bestemme hvem som skal ta viktige avgjørelser for deg, dersom du en dag ikke er i stand til det [&hellip;]
