{"version":"1.0","provider_name":"Vardesenteret","provider_url":"https:\/\/kreftforeningen.no\/vardesenteret","author_name":"Morten Heszlein","author_url":"https:\/\/kreftforeningen.no\/vardesenteret\/aktuelt\/author\/morten\/","title":"Tilrettelagt tur til Telav\u00e5g","type":"rich","width":600,"height":338,"html":"<blockquote class=\"wp-embedded-content\" data-secret=\"KLzHdgVuNY\"><a href=\"https:\/\/kreftforeningen.no\/vardesenteret\/tilbud\/tilrettelagt-tur-til-telavag\/\">Tilrettelagt tur til Telav\u00e5g<\/a><\/blockquote><iframe sandbox=\"allow-scripts\" security=\"restricted\" src=\"https:\/\/kreftforeningen.no\/vardesenteret\/tilbud\/tilrettelagt-tur-til-telavag\/embed\/#?secret=KLzHdgVuNY\" width=\"600\" height=\"338\" title=\"&laquo;Tilrettelagt tur til Telav\u00e5g&raquo; &#8212; Vardesenteret\" data-secret=\"KLzHdgVuNY\" frameborder=\"0\" marginwidth=\"0\" marginheight=\"0\" scrolling=\"no\" class=\"wp-embedded-content\"><\/iframe><script type=\"text\/javascript\">\n\/* <![CDATA[ *\/\n\/*! This file is auto-generated *\/\n!function(d,l){\"use strict\";l.querySelector&&d.addEventListener&&\"undefined\"!=typeof URL&&(d.wp=d.wp||{},d.wp.receiveEmbedMessage||(d.wp.receiveEmbedMessage=function(e){var t=e.data;if((t||t.secret||t.message||t.value)&&!\/[^a-zA-Z0-9]\/.test(t.secret)){for(var s,r,n,a=l.querySelectorAll('iframe[data-secret=\"'+t.secret+'\"]'),o=l.querySelectorAll('blockquote[data-secret=\"'+t.secret+'\"]'),c=new RegExp(\"^https?:$\",\"i\"),i=0;i<o.length;i++)o[i].style.display=\"none\";for(i=0;i<a.length;i++)s=a[i],e.source===s.contentWindow&&(s.removeAttribute(\"style\"),\"height\"===t.message?(1e3<(r=parseInt(t.value,10))?r=1e3:~~r<200&&(r=200),s.height=r):\"link\"===t.message&&(r=new URL(s.getAttribute(\"src\")),n=new URL(t.value),c.test(n.protocol))&&n.host===r.host&&l.activeElement===s&&(d.top.location.href=t.value))}},d.addEventListener(\"message\",d.wp.receiveEmbedMessage,!1),l.addEventListener(\"DOMContentLoaded\",function(){for(var e,t,s=l.querySelectorAll(\"iframe.wp-embedded-content\"),r=0;r<s.length;r++)(t=(e=s[r]).getAttribute(\"data-secret\"))||(t=Math.random().toString(36).substring(2,12),e.src+=\"#?secret=\"+t,e.setAttribute(\"data-secret\",t)),e.contentWindow.postMessage({message:\"ready\",secret:t},\"*\")},!1)))}(window,document);\n\/\/# sourceURL=https:\/\/kreftforeningen.no\/vardesenteret\/wp-includes\/js\/wp-embed.min.js\n\/* ]]> *\/\n<\/script>\n","thumbnail_url":"https:\/\/kreftforeningen.no\/content\/uploads\/2026\/09\/Bilde1-768x271.jpg","thumbnail_width":600,"thumbnail_height":212,"description":"Her vil vi bes\u00f8ke Nordsj\u00f8fartmuseet, ogf\u00e5 et foredrag med historien om det som skjedde under andre verdenskrig. Etter foredraget blir det filmvisning. Deretter blir det lunsj, der vi f\u00e5r servert svele og kaffe (ta med ekstra niste ved behov). Etter lunsjen f\u00e5r vi litt tid til \u00e5 vandre i utstillingen i museet p\u00e5 egenh\u00e5nd, evt. [&hellip;]"}

Tilrettelagt tur til Telavåg

<blockquote class="wp-embedded-content" data-secret="KLzHdgVuNY"><a href="https://kreftforeningen.no/vardesenteret/tilbud/tilrettelagt-tur-til-telavag/">Tilrettelagt tur til Telavåg</a></blockquote><iframe sandbox="allow-scripts" security="restricted" src="https://kreftforeningen.no/vardesenteret/tilbud/tilrettelagt-tur-til-telavag/embed/#?secret=KLzHdgVuNY" width="600" height="338" title="&laquo;Tilrettelagt tur til Telavåg&raquo; &#8212; Vardesenteret" data-secret="KLzHdgVuNY" frameborder="0" marginwidth="0" marginheight="0" scrolling="no" class="wp-embedded-content"></iframe><script type="text/javascript">
/* <![CDATA[ */
/*! This file is auto-generated */
!function(d,l){"use strict";l.querySelector&&d.addEventListener&&"undefined"!=typeof URL&&(d.wp=d.wp||{},d.wp.receiveEmbedMessage||(d.wp.receiveEmbedMessage=function(e){var t=e.data;if((t||t.secret||t.message||t.value)&&!/[^a-zA-Z0-9]/.test(t.secret)){for(var s,r,n,a=l.querySelectorAll('iframe[data-secret="'+t.secret+'"]'),o=l.querySelectorAll('blockquote[data-secret="'+t.secret+'"]'),c=new RegExp("^https?:$","i"),i=0;i<o.length;i++)o[i].style.display="none";for(i=0;i<a.length;i++)s=a[i],e.source===s.contentWindow&&(s.removeAttribute("style"),"height"===t.message?(1e3<(r=parseInt(t.value,10))?r=1e3:~~r<200&&(r=200),s.height=r):"link"===t.message&&(r=new URL(s.getAttribute("src")),n=new URL(t.value),c.test(n.protocol))&&n.host===r.host&&l.activeElement===s&&(d.top.location.href=t.value))}},d.addEventListener("message",d.wp.receiveEmbedMessage,!1),l.addEventListener("DOMContentLoaded",function(){for(var e,t,s=l.querySelectorAll("iframe.wp-embedded-content"),r=0;r<s.length;r++)(t=(e=s[r]).getAttribute("data-secret"))||(t=Math.random().toString(36).substring(2,12),e.src+="#?secret="+t,e.setAttribute("data-secret",t)),e.contentWindow.postMessage({message:"ready",secret:t},"*")},!1)))}(window,document);
//# sourceURL=https://kreftforeningen.no/vardesenteret/wp-includes/js/wp-embed.min.js
/* ]]> */
</script>

Her vil vi besøke Nordsjøfartmuseet, ogfå et foredrag med historien om det som skjedde under andre verdenskrig. Etter foredraget blir det filmvisning. Deretter blir det lunsj, der vi får servert svele og kaffe (ta med ekstra niste ved behov). Etter lunsjen får vi litt tid til å vandre i utstillingen i museet på egenhånd, evt. [&hellip;]
