{"version":"1.0","provider_name":"Vardesenteret","provider_url":"https:\/\/kreftforeningen.no\/vardesenteret","author_name":"Malene Romestrand","author_url":"https:\/\/kreftforeningen.no\/vardesenteret\/aktuelt\/author\/malene\/","title":"Vardesenteret i Trondheim","type":"rich","width":600,"height":338,"html":"<blockquote class=\"wp-embedded-content\" data-secret=\"A7d8lB02H7\"><a href=\"https:\/\/kreftforeningen.no\/vardesenteret\/trondheim\/\">Vardesenteret i Trondheim<\/a><\/blockquote><iframe sandbox=\"allow-scripts\" security=\"restricted\" src=\"https:\/\/kreftforeningen.no\/vardesenteret\/trondheim\/embed\/#?secret=A7d8lB02H7\" width=\"600\" height=\"338\" title=\"&laquo;Vardesenteret i Trondheim&raquo; &#8212; Vardesenteret\" data-secret=\"A7d8lB02H7\" frameborder=\"0\" marginwidth=\"0\" marginheight=\"0\" scrolling=\"no\" class=\"wp-embedded-content\"><\/iframe><script type=\"text\/javascript\">\n\/* <![CDATA[ *\/\n\/*! This file is auto-generated *\/\n!function(d,l){\"use strict\";l.querySelector&&d.addEventListener&&\"undefined\"!=typeof URL&&(d.wp=d.wp||{},d.wp.receiveEmbedMessage||(d.wp.receiveEmbedMessage=function(e){var t=e.data;if((t||t.secret||t.message||t.value)&&!\/[^a-zA-Z0-9]\/.test(t.secret)){for(var s,r,n,a=l.querySelectorAll('iframe[data-secret=\"'+t.secret+'\"]'),o=l.querySelectorAll('blockquote[data-secret=\"'+t.secret+'\"]'),c=new RegExp(\"^https?:$\",\"i\"),i=0;i<o.length;i++)o[i].style.display=\"none\";for(i=0;i<a.length;i++)s=a[i],e.source===s.contentWindow&&(s.removeAttribute(\"style\"),\"height\"===t.message?(1e3<(r=parseInt(t.value,10))?r=1e3:~~r<200&&(r=200),s.height=r):\"link\"===t.message&&(r=new URL(s.getAttribute(\"src\")),n=new URL(t.value),c.test(n.protocol))&&n.host===r.host&&l.activeElement===s&&(d.top.location.href=t.value))}},d.addEventListener(\"message\",d.wp.receiveEmbedMessage,!1),l.addEventListener(\"DOMContentLoaded\",function(){for(var e,t,s=l.querySelectorAll(\"iframe.wp-embedded-content\"),r=0;r<s.length;r++)(t=(e=s[r]).getAttribute(\"data-secret\"))||(t=Math.random().toString(36).substring(2,12),e.src+=\"#?secret=\"+t,e.setAttribute(\"data-secret\",t)),e.contentWindow.postMessage({message:\"ready\",secret:t},\"*\")},!1)))}(window,document);\n\/\/# sourceURL=https:\/\/kreftforeningen.no\/vardesenteret\/wp-includes\/js\/wp-embed.min.js\n\/* ]]> *\/\n<\/script>\n","thumbnail_url":"https:\/\/kreftforeningen.no\/content\/uploads\/2026\/02\/omw_Lab-Vardesenteret-81-768x512.jpg","thumbnail_width":600,"thumbnail_height":400,"description":"\u00c5pningstider Vardesenteret p\u00e5 St. Olavs er samlokalisert med Pusterommet. Til sammen har vi et variert tilbud, du kan ogs\u00e5 delta digitalt p\u00e5 flere m\u00f8ter. Hos oss m\u00f8ter du fagpersoner, likepersoner og frivillige. Mandag\u2013torsdag: 09.00\u201315.00Fredag: 09.00\u201314.00 Her finner du oss Vardesenteret i TrondheimSt. Olavs hospitalMauritz Hansens gate 1F, TrondheimSe kart (Google Maps)&nbsp; Det er dessverre ingen [&hellip;]"}

Åpningstider Vardesenteret på St. Olavs er samlokalisert med Pusterommet. Til sammen har vi et variert tilbud, du kan også delta digitalt på flere møter. Hos oss møter du fagpersoner, likepersoner og frivillige. Mandag–torsdag: 09.00–15.00Fredag: 09.00–14.00 Her finner du oss Vardesenteret i TrondheimSt. Olavs hospitalMauritz Hansens gate 1F, TrondheimSe kart (Google Maps)&nbsp; Det er dessverre ingen [&hellip;]
