{"id":1116,"date":"2020-10-08T14:57:08","date_gmt":"2020-10-08T12:57:08","guid":{"rendered":"https:\/\/kreftforeningen.no\/vardesenteret\/?page_id=1116"},"modified":"2022-11-30T09:20:25","modified_gmt":"2022-11-30T08:20:25","slug":"sotpotetsuppe","status":"publish","type":"page","link":"https:\/\/kreftforeningen.no\/vardesenteret\/oppskrifter\/sotpotetsuppe\/","title":{"rendered":"S\u00f8tpotetsuppe"},"content":{"rendered":"\n<figure class=\"wp-block-image size-large\"><img decoding=\"async\" src=\"https:\/\/kreftforeningen.no\/content\/uploads\/2020\/10\/s\u00f8tpotetsuppe-1024x576.jpg\" alt=\"\" class=\"wp-image-62460\"\/><figcaption>Foto: Sara Johannessen<\/figcaption><\/figure>\n\n\n\n<div class=\"wp-block-image is-floating is-style-rounded\"><figure class=\"alignleft size-large is-resized\"><img loading=\"lazy\" decoding=\"async\" src=\"https:\/\/kreftforeningen.no\/content\/uploads\/2020\/10\/klokke-330.jpg\" alt=\"Piktogram av klokke\" class=\"wp-image-62218\" width=\"83\" height=\"83\" srcset=\"https:\/\/kreftforeningen.no\/content\/uploads\/2020\/10\/klokke-330.jpg 330w, https:\/\/kreftforeningen.no\/content\/uploads\/2020\/10\/klokke-330-135x135.jpg 135w\" sizes=\"auto, (max-width: 83px) 100vw, 83px\" \/><figcaption><strong>Tid <br><\/strong>40 min<\/figcaption><\/figure><\/div>\n\n\n\n<div class=\"wp-block-image is-floating is-style-rounded\"><figure class=\"alignleft size-large is-resized\"><img loading=\"lazy\" decoding=\"async\" src=\"https:\/\/kreftforeningen.no\/content\/uploads\/2020\/10\/kokkelue-330.jpg\" alt=\"Piktogram av kokkelue\" class=\"wp-image-62219\" width=\"83\" height=\"83\" srcset=\"https:\/\/kreftforeningen.no\/content\/uploads\/2020\/10\/kokkelue-330.jpg 330w, https:\/\/kreftforeningen.no\/content\/uploads\/2020\/10\/kokkelue-330-135x135.jpg 135w\" sizes=\"auto, (max-width: 83px) 100vw, 83px\" \/><figcaption><strong>Utf\u00f8relse <br><\/strong>Middels<\/figcaption><\/figure><\/div>\n\n\n\n<figure class=\"wp-block-image size-large is-resized is-style-rounded\"><img loading=\"lazy\" decoding=\"async\" src=\"https:\/\/kreftforeningen.no\/content\/uploads\/2020\/10\/servering-330.jpg\" alt=\"Piktogram av serveringsfat\" class=\"wp-image-62220\" width=\"83\" height=\"83\" srcset=\"https:\/\/kreftforeningen.no\/content\/uploads\/2020\/10\/servering-330.jpg 330w, https:\/\/kreftforeningen.no\/content\/uploads\/2020\/10\/servering-330-135x135.jpg 135w\" sizes=\"auto, (max-width: 83px) 100vw, 83px\" \/><figcaption><strong>Porsjoner<\/strong><br>4<\/figcaption><\/figure>\n\n\n\n<h2 class=\"wp-block-heading\" id=\"h-ingredienser\">Ingredienser<\/h2>\n\n\n\n<ul class=\"wp-block-list\"><li>2 ss rapsolje<\/li><li>2\u20133 s\u00f8tpoteter (500 g)<\/li><li>2 gulr\u00f8tter<\/li><li>1 gr\u00f8nt eple<\/li><li>1 r\u00f8dl\u00f8k<\/li><li>2 hvitl\u00f8kfedd<\/li><li>10 g (2 cm) frisk ingef\u00e6r<\/li><li>1 r\u00f8d chili eller 4 ts<\/li><li>chilipulver<\/li><li>\u00bd ts malt spisskummen<\/li><li>1 ts malt koriander<\/li><li>6 dl gr\u00f8nnsakbuljong<\/li><li>2 \u00bd dl naturell yoghurt<\/li><li>2 dl lettmelk<\/li><li>\u00bd lime<\/li><\/ul>\n\n\n\n<h2 class=\"wp-block-heading\" id=\"h-slik-gjor-du\">Slik gj\u00f8r du<\/h2>\n\n\n\n<ol class=\"wp-block-list\"><li>Del chilien p\u00e5 langs og ta ut fr\u00f8ene. <\/li><li>Skrell og skj\u00e6r opp s\u00f8tpoteter, gulr\u00f8tter, eple, r\u00f8dl\u00f8k, hvitl\u00f8k, chili og ingef\u00e6r. <\/li><li>Ha 2 ss rapsolje i en kjele og tilsett r\u00f8dl\u00f8ken. <\/li><li>La det frese et par minutter til r\u00f8dl\u00f8ken er blank og myk, tilsett deretter hvitl\u00f8k, chili, ingef\u00e6r, malt koriander og spisskummen. <\/li><li>La det surre i et par minutter og tilsett deretter gr\u00f8nnsaksbuljong, s\u00f8tpoteter, gulr\u00f8tter og eplebiter.<\/li><li>La det koke i 20 minutter, til gr\u00f8nnsaksbitene er m\u00f8re. <\/li><li>Jevn suppen med en stavmikser eller blender. <\/li><li>R\u00f8r inn yoghurt og melk til slutt. <\/li><li>Smak til med limesaft.<\/li><li>Avkj\u00f8l p\u00e5 benken. Oppbevares i lufttett boks eller glass s\u00e5 de ikke blir myke.<\/li><\/ol>\n\n\n\n<p class=\"has-blue-light-background-color has-background\"><strong>TIPS<\/strong>: Server gjerne med frisk koriander og litt yoghurt naturell eller lettr\u00f8mme \u2013 og <a href=\"https:\/\/kreftforeningen.no\/vardesenteret\/oppskrifter\/havrescones\/\">havrescones<\/a>.<\/p>\n\n\n\n<p><strong><a href=\"https:\/\/kreftforeningen.no\/rad-og-rettigheter\/kosthold-ved-kreft\/verktoykasse-for-helsepersonell-mat-og-kreft\/sunt-kosthold-ved-kreft\/\">Se filmer med inspirasjon til sunt kosthold ved kreft<\/a><\/strong>.<\/p>\n\n\n\n<div class=\"wp-block-teft-cards-theme\">\n<h2 class=\"has-text-align-center wp-block-heading\" id=\"h-sunt-kosthold-ved-kreft\">Sunt kosthold ved kreft<\/h2>\n\n\n\n<p class=\"has-text-align-center\">Oppskrifter for kreftpasienter som har normalt god matlyst.<\/p>\n\n\n\n<div class=\"wp-block-teft-cards alignwide teft-cards-grid default-size-4\"><div class=\"teft-cards-item has-6-columns is-card-kf-custom has-card-shadow\">\n\t<div class=\"teft-card card_type_page \">\n\t\t<a href=\"https:\/\/kreftforeningen.no\/vardesenteret\/oppskrifter\/havrescones\/\" class=\"teft-card__primary-action\">\n\t\t\t<div class=\"teft-card__media teft-card__media--16-9\"><img decoding=\"async\" width=\"1024\" height=\"576\" src=\"https:\/\/kreftforeningen.no\/content\/uploads\/2020\/10\/havrescones.jpg\" class=\"attachment-large size-large\" alt=\"en bolle med gulrothummus ved siden av en tallerken med br\u00f8d.\" srcset=\"https:\/\/kreftforeningen.no\/content\/uploads\/2020\/10\/havrescones.jpg 2048w, https:\/\/kreftforeningen.no\/content\/uploads\/2020\/10\/havrescones-135x76.jpg 135w\" sizes=\"auto, (max-width: 1024px) 100vw, 1024px\" loading=\"lazy\" \/> <\/div>\t\t\t<div class=\"teft-card__primary\">\n\t\t\t\t<h2 class=\"teft-card__title\" id=\"havrescones\">Havrescones<\/h2>\n\t\t\t<\/div>\n\n\t\t\t<div class=\"teft-card__secondary\">\n\t\t\t\t<p><\/p><img decoding=\"async\" src=\"https:\/\/kreftforeningen.no\/content\/themes\/kreftforeningen\/assets\/icons\/arrow-right-blue.svg\" alt=\"Les Havrescones\" \/>\t\t\t<\/div>\n\t\t<\/a>\n\t<\/div>\n\n\t<\/div>\n\n<div class=\"teft-cards-item has-6-columns is-card-kf-custom has-card-shadow\">\n\t<div class=\"teft-card card_type_page \">\n\t\t<a href=\"https:\/\/kreftforeningen.no\/vardesenteret\/oppskrifter\/laks-med-lime-korianderpesto-og-mangosalat\/\" class=\"teft-card__primary-action\">\n\t\t\t<div class=\"teft-card__media teft-card__media--16-9\"><img decoding=\"async\" width=\"1024\" height=\"768\" src=\"https:\/\/kreftforeningen.no\/content\/uploads\/2022\/01\/laks-og-mango-foto-sara-johannsen-1024x768.jpg\" class=\"attachment-large size-large\" alt=\"Stekt laks og mango med chili dandert p\u00e5 en hvit tallerken med gr\u00f8nt tilbeh\u00f8r. Foto.\" srcset=\"https:\/\/kreftforeningen.no\/content\/uploads\/2022\/01\/laks-og-mango-foto-sara-johannsen-1024x768.jpg 1024w, https:\/\/kreftforeningen.no\/content\/uploads\/2022\/01\/laks-og-mango-foto-sara-johannsen-300x225.jpg 300w, https:\/\/kreftforeningen.no\/content\/uploads\/2022\/01\/laks-og-mango-foto-sara-johannsen-768x576.jpg 768w, https:\/\/kreftforeningen.no\/content\/uploads\/2022\/01\/laks-og-mango-foto-sara-johannsen-1536x1152.jpg 1536w, https:\/\/kreftforeningen.no\/content\/uploads\/2022\/01\/laks-og-mango-foto-sara-johannsen-800x600.jpg 800w, https:\/\/kreftforeningen.no\/content\/uploads\/2022\/01\/laks-og-mango-foto-sara-johannsen-135x101.jpg 135w, https:\/\/kreftforeningen.no\/content\/uploads\/2022\/01\/laks-og-mango-foto-sara-johannsen.jpg 2048w\" sizes=\"auto, (max-width: 1024px) 100vw, 1024px\" loading=\"lazy\" \/> <\/div>\t\t\t<div class=\"teft-card__primary\">\n\t\t\t\t<h2 class=\"teft-card__title\" id=\"laks-med-lime-korianderpesto-og-mangosalat\">Laks med lime, korianderpesto og mangosalat<\/h2>\n\t\t\t<\/div>\n\n\t\t\t<div class=\"teft-card__secondary\">\n\t\t\t\t<p><\/p><img decoding=\"async\" src=\"https:\/\/kreftforeningen.no\/content\/themes\/kreftforeningen\/assets\/icons\/arrow-right-blue.svg\" alt=\"Les Laks med lime, korianderpesto og mangosalat\" \/>\t\t\t<\/div>\n\t\t<\/a>\n\t<\/div>\n\n\t<\/div><\/div>\n\n\n\n<div class=\"wp-block-button aligncenter\"><a class=\"wp-block-button__link has-blue-background-color has-background\" href=\"https:\/\/kreftforeningen.no\/vardesenteret\/oppskrifter\/#sunt-kosthold-ved-kreft\">Flere oppskrifter<\/a><\/div>\n<\/div>\n","protected":false},"excerpt":{"rendered":"<p>Ingredienser 2 ss rapsolje 2\u20133 s\u00f8tpoteter (500 g) 2 gulr\u00f8tter 1 gr\u00f8nt eple 1 r\u00f8dl\u00f8k 2 hvitl\u00f8kfedd 10 g (2 cm) frisk ingef\u00e6r 1 r\u00f8d chili eller 4 ts chilipulver \u00bd ts malt spisskummen 1 ts malt koriander 6 dl gr\u00f8nnsakbuljong 2 \u00bd dl naturell yoghurt 2 dl lettmelk \u00bd lime Slik gj\u00f8r du Del [&hellip;]<\/p>\n","protected":false},"author":30,"featured_media":62460,"parent":1000,"menu_order":0,"comment_status":"closed","ping_status":"closed","template":"","meta":{"_relevanssi_hide_post":"","_relevanssi_hide_content":"","_relevanssi_pin_for_all":"","_relevanssi_pin_keywords":"","_relevanssi_unpin_keywords":"","_relevanssi_related_keywords":"","_relevanssi_related_include_ids":"","_relevanssi_related_exclude_ids":"","_relevanssi_related_no_append":"","_relevanssi_related_not_related":"","_relevanssi_related_posts":"1697,1849,1863","_relevanssi_noindex_reason":"","kf_show_post_date":true,"kf_show_updated_date":false,"kf_show_print_page":false,"kf_show_chapters":false,"kf_show_chapters_expanded":false,"kf_show_post_outdated":true,"kf_toggle_title":false,"kf_is_template":false,"kf_post_authors":[],"teft_cards_label":"","teft_cards_image_id":0,"teft_cards_image_focal_point_x":0,"teft_cards_image_focal_point_y":0,"teft_cards_title":"","teft_cards_excerpt":"","footnotes":""},"class_list":["post-1116","page","type-page","status-publish","has-post-thumbnail","hentry"],"yoast_head":"<!-- This site is optimized with the Yoast SEO Premium plugin v27.3 (Yoast SEO v27.4) - https:\/\/yoast.com\/product\/yoast-seo-premium-wordpress\/ -->\n<title>S\u00f8tpotetsuppe - Vardesenteret<\/title>\n<meta name=\"robots\" content=\"index, follow, max-snippet:-1, max-image-preview:large, max-video-preview:-1\" \/>\n<link rel=\"canonical\" href=\"https:\/\/kreftforeningen.no\/vardesenteret\/oppskrifter\/sotpotetsuppe\/\" \/>\n<meta property=\"og:locale\" content=\"nb_NO\" \/>\n<meta property=\"og:type\" content=\"article\" \/>\n<meta property=\"og:title\" content=\"S\u00f8tpotetsuppe\" \/>\n<meta property=\"og:description\" content=\"Ingredienser 2 ss rapsolje 2\u20133 s\u00f8tpoteter (500 g) 2 gulr\u00f8tter 1 gr\u00f8nt eple 1 r\u00f8dl\u00f8k 2 hvitl\u00f8kfedd 10 g (2 cm) frisk ingef\u00e6r 1 r\u00f8d chili eller 4 ts chilipulver \u00bd ts malt spisskummen 1 ts malt koriander 6 dl gr\u00f8nnsakbuljong 2 \u00bd dl naturell yoghurt 2 dl lettmelk \u00bd lime Slik gj\u00f8r du Del [&hellip;]\" \/>\n<meta property=\"og:url\" content=\"https:\/\/kreftforeningen.no\/vardesenteret\/oppskrifter\/sotpotetsuppe\/\" \/>\n<meta property=\"og:site_name\" content=\"Vardesenteret\" \/>\n<meta property=\"article:published_time\" content=\"2020-10-08T12:57:08+00:00\" \/>\n<meta property=\"article:modified_time\" content=\"2022-11-30T08:20:25+00:00\" \/>\n<meta property=\"og:image\" content=\"https:\/\/kreftforeningen.no\/content\/uploads\/2020\/10\/s\u00f8tpotetsuppe.jpg\" \/>\n\t<meta property=\"og:image:width\" content=\"2048\" \/>\n\t<meta property=\"og:image:height\" content=\"1152\" \/>\n\t<meta property=\"og:image:type\" content=\"image\/jpeg\" \/>\n<meta name=\"twitter:card\" content=\"summary_large_image\" \/>\n<meta name=\"twitter:label1\" content=\"Ansl. lesetid\" \/>\n\t<meta name=\"twitter:data1\" content=\"2 minutter\" \/>\n<script type=\"application\/ld+json\" class=\"yoast-schema-graph\">{\"@context\":\"https:\\\/\\\/schema.org\",\"@graph\":[{\"@type\":\"WebPage\",\"@id\":\"https:\\\/\\\/kreftforeningen.no\\\/vardesenteret\\\/oppskrifter\\\/sotpotetsuppe\\\/\",\"url\":\"https:\\\/\\\/kreftforeningen.no\\\/vardesenteret\\\/oppskrifter\\\/sotpotetsuppe\\\/\",\"name\":\"S\u00f8tpotetsuppe - Vardesenteret\",\"isPartOf\":{\"@id\":\"https:\\\/\\\/kreftforeningen.no\\\/vardesenteret\\\/#website\"},\"primaryImageOfPage\":{\"@id\":\"https:\\\/\\\/kreftforeningen.no\\\/vardesenteret\\\/oppskrifter\\\/sotpotetsuppe\\\/#primaryimage\"},\"image\":{\"@id\":\"https:\\\/\\\/kreftforeningen.no\\\/vardesenteret\\\/oppskrifter\\\/sotpotetsuppe\\\/#primaryimage\"},\"thumbnailUrl\":\"https:\\\/\\\/kreftforeningen.no\\\/content\\\/uploads\\\/2020\\\/10\\\/s\u00f8tpotetsuppe.jpg\",\"datePublished\":\"2020-10-08T12:57:08+00:00\",\"dateModified\":\"2022-11-30T08:20:25+00:00\",\"breadcrumb\":{\"@id\":\"https:\\\/\\\/kreftforeningen.no\\\/vardesenteret\\\/oppskrifter\\\/sotpotetsuppe\\\/#breadcrumb\"},\"inLanguage\":\"nb-NO\",\"potentialAction\":[{\"@type\":\"ReadAction\",\"target\":[\"https:\\\/\\\/kreftforeningen.no\\\/vardesenteret\\\/oppskrifter\\\/sotpotetsuppe\\\/\"]}]},{\"@type\":\"ImageObject\",\"inLanguage\":\"nb-NO\",\"@id\":\"https:\\\/\\\/kreftforeningen.no\\\/vardesenteret\\\/oppskrifter\\\/sotpotetsuppe\\\/#primaryimage\",\"url\":\"https:\\\/\\\/kreftforeningen.no\\\/content\\\/uploads\\\/2020\\\/10\\\/s\u00f8tpotetsuppe.jpg\",\"contentUrl\":\"https:\\\/\\\/kreftforeningen.no\\\/content\\\/uploads\\\/2020\\\/10\\\/s\u00f8tpotetsuppe.jpg\"},{\"@type\":\"BreadcrumbList\",\"@id\":\"https:\\\/\\\/kreftforeningen.no\\\/vardesenteret\\\/oppskrifter\\\/sotpotetsuppe\\\/#breadcrumb\",\"itemListElement\":[{\"@type\":\"ListItem\",\"position\":1,\"name\":\"Forside\",\"item\":\"https:\\\/\\\/kreftforeningen.no\\\/vardesenteret\\\/\"},{\"@type\":\"ListItem\",\"position\":2,\"name\":\"Matoppskrifter ved kreft\",\"item\":\"https:\\\/\\\/kreftforeningen.no\\\/vardesenteret\\\/oppskrifter\\\/\"},{\"@type\":\"ListItem\",\"position\":3,\"name\":\"S\u00f8tpotetsuppe\"}]},{\"@type\":\"WebSite\",\"@id\":\"https:\\\/\\\/kreftforeningen.no\\\/vardesenteret\\\/#website\",\"url\":\"https:\\\/\\\/kreftforeningen.no\\\/vardesenteret\\\/\",\"name\":\"Vardesenteret\",\"description\":\"\",\"publisher\":{\"@id\":\"https:\\\/\\\/kreftforeningen.no\\\/vardesenteret\\\/#organization\"},\"potentialAction\":[{\"@type\":\"SearchAction\",\"target\":{\"@type\":\"EntryPoint\",\"urlTemplate\":\"https:\\\/\\\/kreftforeningen.no\\\/vardesenteret\\\/?s={search_term_string}\"},\"query-input\":{\"@type\":\"PropertyValueSpecification\",\"valueRequired\":true,\"valueName\":\"search_term_string\"}}],\"inLanguage\":\"nb-NO\"},{\"@type\":\"Organization\",\"@id\":\"https:\\\/\\\/kreftforeningen.no\\\/vardesenteret\\\/#organization\",\"name\":\"Vardesenteret\",\"url\":\"https:\\\/\\\/kreftforeningen.no\\\/vardesenteret\\\/\",\"logo\":{\"@type\":\"ImageObject\",\"inLanguage\":\"nb-NO\",\"@id\":\"https:\\\/\\\/kreftforeningen.no\\\/vardesenteret\\\/#\\\/schema\\\/logo\\\/image\\\/\",\"url\":\"https:\\\/\\\/kreftforeningen.no\\\/content\\\/uploads\\\/2026\\\/02\\\/cropped-Vardesenter_signatur_sort_horisontal_uten-undertekst-e1589886700835.png\",\"contentUrl\":\"https:\\\/\\\/kreftforeningen.no\\\/content\\\/uploads\\\/2026\\\/02\\\/cropped-Vardesenter_signatur_sort_horisontal_uten-undertekst-e1589886700835.png\",\"caption\":\"Vardesenteret\"},\"image\":{\"@id\":\"https:\\\/\\\/kreftforeningen.no\\\/vardesenteret\\\/#\\\/schema\\\/logo\\\/image\\\/\"}}]}<\/script>\n<!-- \/ Yoast SEO Premium plugin. -->","yoast_head_json":{"title":"S\u00f8tpotetsuppe - Vardesenteret","robots":{"index":"index","follow":"follow","max-snippet":"max-snippet:-1","max-image-preview":"max-image-preview:large","max-video-preview":"max-video-preview:-1"},"canonical":"https:\/\/kreftforeningen.no\/vardesenteret\/oppskrifter\/sotpotetsuppe\/","og_locale":"nb_NO","og_type":"article","og_title":"S\u00f8tpotetsuppe","og_description":"Ingredienser 2 ss rapsolje 2\u20133 s\u00f8tpoteter (500 g) 2 gulr\u00f8tter 1 gr\u00f8nt eple 1 r\u00f8dl\u00f8k 2 hvitl\u00f8kfedd 10 g (2 cm) frisk ingef\u00e6r 1 r\u00f8d chili eller 4 ts chilipulver \u00bd ts malt spisskummen 1 ts malt koriander 6 dl gr\u00f8nnsakbuljong 2 \u00bd dl naturell yoghurt 2 dl lettmelk \u00bd lime Slik gj\u00f8r du Del [&hellip;]","og_url":"https:\/\/kreftforeningen.no\/vardesenteret\/oppskrifter\/sotpotetsuppe\/","og_site_name":"Vardesenteret","article_published_time":"2020-10-08T12:57:08+00:00","article_modified_time":"2022-11-30T08:20:25+00:00","og_image":[{"width":2048,"height":1152,"url":"https:\/\/kreftforeningen.no\/content\/uploads\/2020\/10\/s\u00f8tpotetsuppe.jpg","type":"image\/jpeg"}],"twitter_card":"summary_large_image","twitter_misc":{"Ansl. lesetid":"2 minutter"},"schema":{"@context":"https:\/\/schema.org","@graph":[{"@type":"WebPage","@id":"https:\/\/kreftforeningen.no\/vardesenteret\/oppskrifter\/sotpotetsuppe\/","url":"https:\/\/kreftforeningen.no\/vardesenteret\/oppskrifter\/sotpotetsuppe\/","name":"S\u00f8tpotetsuppe - Vardesenteret","isPartOf":{"@id":"https:\/\/kreftforeningen.no\/vardesenteret\/#website"},"primaryImageOfPage":{"@id":"https:\/\/kreftforeningen.no\/vardesenteret\/oppskrifter\/sotpotetsuppe\/#primaryimage"},"image":{"@id":"https:\/\/kreftforeningen.no\/vardesenteret\/oppskrifter\/sotpotetsuppe\/#primaryimage"},"thumbnailUrl":"https:\/\/kreftforeningen.no\/content\/uploads\/2020\/10\/s\u00f8tpotetsuppe.jpg","datePublished":"2020-10-08T12:57:08+00:00","dateModified":"2022-11-30T08:20:25+00:00","breadcrumb":{"@id":"https:\/\/kreftforeningen.no\/vardesenteret\/oppskrifter\/sotpotetsuppe\/#breadcrumb"},"inLanguage":"nb-NO","potentialAction":[{"@type":"ReadAction","target":["https:\/\/kreftforeningen.no\/vardesenteret\/oppskrifter\/sotpotetsuppe\/"]}]},{"@type":"ImageObject","inLanguage":"nb-NO","@id":"https:\/\/kreftforeningen.no\/vardesenteret\/oppskrifter\/sotpotetsuppe\/#primaryimage","url":"https:\/\/kreftforeningen.no\/content\/uploads\/2020\/10\/s\u00f8tpotetsuppe.jpg","contentUrl":"https:\/\/kreftforeningen.no\/content\/uploads\/2020\/10\/s\u00f8tpotetsuppe.jpg"},{"@type":"BreadcrumbList","@id":"https:\/\/kreftforeningen.no\/vardesenteret\/oppskrifter\/sotpotetsuppe\/#breadcrumb","itemListElement":[{"@type":"ListItem","position":1,"name":"Forside","item":"https:\/\/kreftforeningen.no\/vardesenteret\/"},{"@type":"ListItem","position":2,"name":"Matoppskrifter ved kreft","item":"https:\/\/kreftforeningen.no\/vardesenteret\/oppskrifter\/"},{"@type":"ListItem","position":3,"name":"S\u00f8tpotetsuppe"}]},{"@type":"WebSite","@id":"https:\/\/kreftforeningen.no\/vardesenteret\/#website","url":"https:\/\/kreftforeningen.no\/vardesenteret\/","name":"Vardesenteret","description":"","publisher":{"@id":"https:\/\/kreftforeningen.no\/vardesenteret\/#organization"},"potentialAction":[{"@type":"SearchAction","target":{"@type":"EntryPoint","urlTemplate":"https:\/\/kreftforeningen.no\/vardesenteret\/?s={search_term_string}"},"query-input":{"@type":"PropertyValueSpecification","valueRequired":true,"valueName":"search_term_string"}}],"inLanguage":"nb-NO"},{"@type":"Organization","@id":"https:\/\/kreftforeningen.no\/vardesenteret\/#organization","name":"Vardesenteret","url":"https:\/\/kreftforeningen.no\/vardesenteret\/","logo":{"@type":"ImageObject","inLanguage":"nb-NO","@id":"https:\/\/kreftforeningen.no\/vardesenteret\/#\/schema\/logo\/image\/","url":"https:\/\/kreftforeningen.no\/content\/uploads\/2026\/02\/cropped-Vardesenter_signatur_sort_horisontal_uten-undertekst-e1589886700835.png","contentUrl":"https:\/\/kreftforeningen.no\/content\/uploads\/2026\/02\/cropped-Vardesenter_signatur_sort_horisontal_uten-undertekst-e1589886700835.png","caption":"Vardesenteret"},"image":{"@id":"https:\/\/kreftforeningen.no\/vardesenteret\/#\/schema\/logo\/image\/"}}]}},"_links":{"self":[{"href":"https:\/\/kreftforeningen.no\/vardesenteret\/wp-json\/wp\/v2\/pages\/1116","targetHints":{"allow":["GET"]}}],"collection":[{"href":"https:\/\/kreftforeningen.no\/vardesenteret\/wp-json\/wp\/v2\/pages"}],"about":[{"href":"https:\/\/kreftforeningen.no\/vardesenteret\/wp-json\/wp\/v2\/types\/page"}],"author":[{"embeddable":true,"href":"https:\/\/kreftforeningen.no\/vardesenteret\/wp-json\/wp\/v2\/users\/30"}],"replies":[{"embeddable":true,"href":"https:\/\/kreftforeningen.no\/vardesenteret\/wp-json\/wp\/v2\/comments?post=1116"}],"version-history":[{"count":6,"href":"https:\/\/kreftforeningen.no\/vardesenteret\/wp-json\/wp\/v2\/pages\/1116\/revisions"}],"predecessor-version":[{"id":3363,"href":"https:\/\/kreftforeningen.no\/vardesenteret\/wp-json\/wp\/v2\/pages\/1116\/revisions\/3363"}],"up":[{"embeddable":true,"href":"https:\/\/kreftforeningen.no\/vardesenteret\/wp-json\/wp\/v2\/pages\/1000"}],"wp:featuredmedia":[{"embeddable":true,"href":"https:\/\/kreftforeningen.no\/vardesenteret\/wp-json\/"}],"wp:attachment":[{"href":"https:\/\/kreftforeningen.no\/vardesenteret\/wp-json\/wp\/v2\/media?parent=1116"}],"curies":[{"name":"wp","href":"https:\/\/api.w.org\/{rel}","templated":true}]}}