{"id":1126,"date":"2020-10-08T15:18:00","date_gmt":"2020-10-08T13:18:00","guid":{"rendered":"https:\/\/kreftforeningen.no\/vardesenteret\/?page_id=1126"},"modified":"2022-11-30T09:20:17","modified_gmt":"2022-11-30T08:20:17","slug":"laks-med-lime-korianderpesto-og-mangosalat","status":"publish","type":"page","link":"https:\/\/kreftforeningen.no\/vardesenteret\/oppskrifter\/laks-med-lime-korianderpesto-og-mangosalat\/","title":{"rendered":"Laks med lime, korianderpesto og mangosalat"},"content":{"rendered":"\n<figure class=\"wp-block-image size-large\"><img loading=\"lazy\" decoding=\"async\" width=\"1024\" height=\"768\" src=\"https:\/\/kreftforeningen.no\/content\/uploads\/2022\/01\/laks-og-mango-foto-sara-johannsen-1024x768.jpg\" alt=\"Stekt laks og mango med chili dandert p\u00e5 en hvit tallerken med gr\u00f8nt tilbeh\u00f8r. Foto.\" class=\"wp-image-95496\" srcset=\"https:\/\/kreftforeningen.no\/content\/uploads\/2022\/01\/laks-og-mango-foto-sara-johannsen-1024x768.jpg 1024w, https:\/\/kreftforeningen.no\/content\/uploads\/2022\/01\/laks-og-mango-foto-sara-johannsen-300x225.jpg 300w, https:\/\/kreftforeningen.no\/content\/uploads\/2022\/01\/laks-og-mango-foto-sara-johannsen-768x576.jpg 768w, https:\/\/kreftforeningen.no\/content\/uploads\/2022\/01\/laks-og-mango-foto-sara-johannsen-1536x1152.jpg 1536w, https:\/\/kreftforeningen.no\/content\/uploads\/2022\/01\/laks-og-mango-foto-sara-johannsen-800x600.jpg 800w, https:\/\/kreftforeningen.no\/content\/uploads\/2022\/01\/laks-og-mango-foto-sara-johannsen-135x101.jpg 135w, https:\/\/kreftforeningen.no\/content\/uploads\/2022\/01\/laks-og-mango-foto-sara-johannsen.jpg 2048w\" sizes=\"(max-width: 1024px) 100vw, 1024px\" \/><figcaption>Foto: Sara Johannsen<\/figcaption><\/figure>\n\n\n\n<div class=\"wp-block-image is-floating is-style-rounded\"><figure class=\"alignleft size-large is-resized\"><img loading=\"lazy\" decoding=\"async\" src=\"https:\/\/kreftforeningen.no\/content\/uploads\/2020\/10\/klokke-330.jpg\" alt=\"Piktogram av klokke\" class=\"wp-image-62218\" width=\"83\" height=\"83\" srcset=\"https:\/\/kreftforeningen.no\/content\/uploads\/2020\/10\/klokke-330.jpg 330w, https:\/\/kreftforeningen.no\/content\/uploads\/2020\/10\/klokke-330-135x135.jpg 135w\" sizes=\"(max-width: 83px) 100vw, 83px\" \/><figcaption><strong>Tid <br><\/strong>45 min<\/figcaption><\/figure><\/div>\n\n\n\n<div class=\"wp-block-image is-floating is-style-rounded\"><figure class=\"alignleft size-large is-resized\"><img loading=\"lazy\" decoding=\"async\" src=\"https:\/\/kreftforeningen.no\/content\/uploads\/2020\/10\/kokkelue-330.jpg\" alt=\"Piktogram av kokkelue\" class=\"wp-image-62219\" width=\"83\" height=\"83\" srcset=\"https:\/\/kreftforeningen.no\/content\/uploads\/2020\/10\/kokkelue-330.jpg 330w, https:\/\/kreftforeningen.no\/content\/uploads\/2020\/10\/kokkelue-330-135x135.jpg 135w\" sizes=\"(max-width: 83px) 100vw, 83px\" \/><figcaption><strong>Utf\u00f8relse <br><\/strong>Enkel<\/figcaption><\/figure><\/div>\n\n\n\n<figure class=\"wp-block-image size-large is-resized is-style-rounded\"><img loading=\"lazy\" decoding=\"async\" src=\"https:\/\/kreftforeningen.no\/content\/uploads\/2020\/10\/servering-330.jpg\" alt=\"Piktogram av serveringsfat\" class=\"wp-image-62220\" width=\"83\" height=\"83\" srcset=\"https:\/\/kreftforeningen.no\/content\/uploads\/2020\/10\/servering-330.jpg 330w, https:\/\/kreftforeningen.no\/content\/uploads\/2020\/10\/servering-330-135x135.jpg 135w\" sizes=\"(max-width: 83px) 100vw, 83px\" \/><figcaption><strong>Porsjoner<\/strong><br>4<\/figcaption><\/figure>\n\n\n\n<h2 class=\"wp-block-heading\" id=\"h-ingredienser\">Ingredienser<\/h2>\n\n\n\n<p><strong>Laks<\/strong><\/p>\n\n\n\n<ul class=\"wp-block-list\"><li>600 g laksefilet (bein- og skinnfri)<\/li><li>2 ts sitronpepper<\/li><li>2 ss soyasaus<\/li><li>1 ss flytende margarin<\/li><li>2 lime<\/li><\/ul>\n\n\n\n<p><strong>Korianderpesto<\/strong><\/p>\n\n\n\n<ul class=\"wp-block-list\"><li>2 dl usaltede cashewn\u00f8tter<\/li><li>1 potte frisk koriander<\/li><li>2 hvitl\u00f8ksfedd<\/li><li>1 gr\u00f8nn chili<\/li><li>1 ss olivenolje<\/li><li>\u00bd lime<\/li><li>1 ss hvit balsamicoeddik<\/li><\/ul>\n\n\n\n<p><strong>Mangosalat<\/strong><\/p>\n\n\n\n<ul class=\"wp-block-list\"><li>2 modne mango<\/li><li>\u00bd r\u00f8d chili<\/li><li>\u00bd potte fersk koriander<\/li><li>\u00bd lime<\/li><\/ul>\n\n\n\n<p>Her kan du blant annet se hvordan du lager laks med lime og mangosalat:<\/p>\n\n\n\n<figure class=\"wp-block-embed is-type-video is-provider-youtube wp-block-embed-youtube wp-embed-aspect-16-9 wp-has-aspect-ratio\"><div class=\"wp-block-embed__wrapper\">\n<iframe loading=\"lazy\" title=\"LAKS, ROTMOS, BROKKOLISALAT, MANGOSALAT | Inspirasjon til gode matvaner ved kreft | Vardesenteret\" width=\"500\" height=\"281\" src=\"https:\/\/www.youtube-nocookie.com\/embed\/M5QsX5BSiEk?feature=oembed&#038;hl=no\" frameborder=\"0\" allow=\"accelerometer; autoplay; clipboard-write; encrypted-media; gyroscope; picture-in-picture; web-share\" referrerpolicy=\"strict-origin-when-cross-origin\" allowfullscreen><\/iframe>\n<\/div><figcaption><a href=\"https:\/\/kreftforeningen.no\/rad-og-rettigheter\/kosthold-ved-kreft\/verktoykasse-for-helsepersonell-mat-og-kreft\/sunt-kosthold-ved-kreft\/\"><strong>Se flere filmer med inspirasjon til sunt kosthold ved kreft<\/strong><\/a><\/figcaption><\/figure>\n\n\n\n<h2 class=\"wp-block-heading\" id=\"h-slik-gjor-du\">Slik gj\u00f8r du<\/h2>\n\n\n\n<p><strong>Laks<\/strong><\/p>\n\n\n\n<ol class=\"wp-block-list\"><li>Skj\u00e6r lime i tynne skiver. <\/li><li>Del opp fisken i stykker \u00e0 100 g. Gni dem inn i sitronpepper. <\/li><li>Ha flytende margarin og soyasaus i en stekepanne og varm pannen til middels varme. <\/li><li>Stek fisken cirka 2 minutter p\u00e5 hver side. Fisken skal v\u00e6re litt r\u00e5 i midten. <\/li><li>Trekk pannen av platen, legg to limeskiver p\u00e5 hvert fiskestykke og la fisken hvile i 2\u20133 minutter f\u00f8r den serveres.<\/li><\/ol>\n\n\n\n<p><strong>Korianderpesto<\/strong><\/p>\n\n\n\n<ol class=\"wp-block-list\"><li>Del chilien p\u00e5 langs og ta ut fr\u00f8ene. <\/li><li>Rist cashewn\u00f8ttene i en t\u00f8rr stekepanne, til de er s\u00e5 vidt gylne. <\/li><li>Avkj\u00f8l n\u00f8ttene p\u00e5 en tallerken og ha dem i en foodprocessor eller blender sammen med koriander, hvitl\u00f8k og chili.<\/li><li>Mos til en grov masse og tilsett olje, limesaft og hvit balsamicoeddik.<\/li><\/ol>\n\n\n\n<p><strong>Mangosalat<\/strong><\/p>\n\n\n\n<ol class=\"wp-block-list\"><li>Skrell og del mangoene i terninger. <\/li><li>Del chilien p\u00e5 langs, ta ut fr\u00f8ene og finhakk resten. <\/li><li>Finhakk koriander. <\/li><li>Bland dette sammen i en bolle, og press over limesaft.<\/li><\/ol>\n\n\n\n<p class=\"has-blue-light-background-color has-background\"><strong>TIPS<\/strong>: Korianderpestoen kan lagres i glass i kj\u00f8leskap i inntil en uke.<\/p>\n\n\n\n<p>Avkj\u00f8l p\u00e5 benken. Oppbevares i lufttett boks eller glass s\u00e5 de ikke blir myke.<\/p>\n\n\n\n<div class=\"wp-block-teft-cards-theme\">\n<h2 class=\"has-text-align-center wp-block-heading\" id=\"h-sunt-kosthold-ved-kreft\">Sunt kosthold ved kreft<\/h2>\n\n\n\n<p class=\"has-text-align-center\">Oppskrifter for kreftpasienter som har normalt god matlyst.<\/p>\n\n\n\n<div class=\"wp-block-teft-cards alignwide teft-cards-grid default-size-4\"><div class=\"teft-cards-item has-6-columns is-card-kf-custom has-card-shadow\">\n\t<div class=\"teft-card card_type_page \">\n\t\t<a href=\"https:\/\/kreftforeningen.no\/vardesenteret\/oppskrifter\/kikertsnacks\/\" class=\"teft-card__primary-action\">\n\t\t\t<div class=\"teft-card__media teft-card__media--16-9\"><img decoding=\"async\" width=\"1024\" height=\"768\" src=\"https:\/\/kreftforeningen.no\/content\/uploads\/2026\/02\/Kikerter-Foto-Sara-Johannsen-1024x768.jpg\" class=\"attachment-large size-large\" alt=\"P\u00e5 en tallerken med bakepapir ligger ristede kikerter ved siden av en liten bolle med malte krydder, med friske korianderblader p\u00e5 en bl\u00e5 strukturert overflate.\" srcset=\"https:\/\/kreftforeningen.no\/content\/uploads\/2026\/02\/Kikerter-Foto-Sara-Johannsen-1024x768.jpg 1024w, https:\/\/kreftforeningen.no\/content\/uploads\/2026\/02\/Kikerter-Foto-Sara-Johannsen-300x225.jpg 300w, https:\/\/kreftforeningen.no\/content\/uploads\/2026\/02\/Kikerter-Foto-Sara-Johannsen-768x576.jpg 768w, https:\/\/kreftforeningen.no\/content\/uploads\/2026\/02\/Kikerter-Foto-Sara-Johannsen-1536x1152.jpg 1536w, https:\/\/kreftforeningen.no\/content\/uploads\/2026\/02\/Kikerter-Foto-Sara-Johannsen-800x600.jpg 800w, https:\/\/kreftforeningen.no\/content\/uploads\/2026\/02\/Kikerter-Foto-Sara-Johannsen-135x101.jpg 135w, https:\/\/kreftforeningen.no\/content\/uploads\/2026\/02\/Kikerter-Foto-Sara-Johannsen.jpg 2048w\" sizes=\"(max-width: 1024px) 100vw, 1024px\" loading=\"lazy\" \/> <\/div>\t\t\t<div class=\"teft-card__primary\">\n\t\t\t\t<h2 class=\"teft-card__title\" id=\"kikertsnacks\">Kikertsnacks<\/h2>\n\t\t\t<\/div>\n\n\t\t\t<div class=\"teft-card__secondary\">\n\t\t\t\t<p><\/p><img decoding=\"async\" src=\"https:\/\/kreftforeningen.no\/content\/themes\/kreftforeningen\/assets\/icons\/arrow-right-blue.svg\" alt=\"Les Kikertsnacks\" \/>\t\t\t<\/div>\n\t\t<\/a>\n\t<\/div>\n\n\t<\/div>\n\n<div class=\"teft-cards-item has-6-columns is-card-kf-custom has-card-shadow\">\n\t<div class=\"teft-card card_type_page \">\n\t\t<a href=\"https:\/\/kreftforeningen.no\/vardesenteret\/oppskrifter\/sotpotetsuppe\/\" class=\"teft-card__primary-action\">\n\t\t\t<div class=\"teft-card__media teft-card__media--16-9\"><img decoding=\"async\" width=\"1024\" height=\"576\" src=\"https:\/\/kreftforeningen.no\/content\/uploads\/2020\/10\/s\u00f8tpotetsuppe.jpg\" class=\"attachment-large size-large\" alt=\"en bolle med gulrotsuppe med br\u00f8d og en skje.\" srcset=\"https:\/\/kreftforeningen.no\/content\/uploads\/2020\/10\/s\u00f8tpotetsuppe.jpg 2048w, https:\/\/kreftforeningen.no\/content\/uploads\/2020\/10\/s\u00f8tpotetsuppe-135x76.jpg 135w\" sizes=\"(max-width: 1024px) 100vw, 1024px\" loading=\"lazy\" \/> <\/div>\t\t\t<div class=\"teft-card__primary\">\n\t\t\t\t<h2 class=\"teft-card__title\" id=\"sotpotetsuppe\">S\u00f8tpotetsuppe<\/h2>\n\t\t\t<\/div>\n\n\t\t\t<div class=\"teft-card__secondary\">\n\t\t\t\t<p><\/p><img decoding=\"async\" src=\"https:\/\/kreftforeningen.no\/content\/themes\/kreftforeningen\/assets\/icons\/arrow-right-blue.svg\" alt=\"Les S\u00f8tpotetsuppe\" \/>\t\t\t<\/div>\n\t\t<\/a>\n\t<\/div>\n\n\t<\/div><\/div>\n\n\n\n<div class=\"wp-block-button aligncenter\"><a class=\"wp-block-button__link has-blue-background-color has-background\" href=\"https:\/\/kreftforeningen.no\/vardesenteret\/oppskrifter\/#sunt-kosthold-ved-kreft\">Flere oppskrifter<\/a><\/div>\n<\/div>\n","protected":false},"excerpt":{"rendered":"<p>Ingredienser Laks 600 g laksefilet (bein- og skinnfri) 2 ts sitronpepper 2 ss soyasaus 1 ss flytende margarin 2 lime Korianderpesto 2 dl usaltede cashewn\u00f8tter 1 potte frisk koriander 2 hvitl\u00f8ksfedd 1 gr\u00f8nn chili 1 ss olivenolje \u00bd lime 1 ss hvit balsamicoeddik Mangosalat 2 modne mango \u00bd r\u00f8d chili \u00bd potte fersk koriander \u00bd [&hellip;]<\/p>\n","protected":false},"author":30,"featured_media":95496,"parent":1000,"menu_order":0,"comment_status":"closed","ping_status":"closed","template":"","meta":{"_relevanssi_hide_post":"","_relevanssi_hide_content":"","_relevanssi_pin_for_all":"","_relevanssi_pin_keywords":"","_relevanssi_unpin_keywords":"","_relevanssi_related_keywords":"","_relevanssi_related_include_ids":"","_relevanssi_related_exclude_ids":"","_relevanssi_related_no_append":"","_relevanssi_related_not_related":"","_relevanssi_related_posts":"1849,1697,1863","_relevanssi_noindex_reason":"","kf_show_post_date":true,"kf_show_updated_date":false,"kf_show_print_page":false,"kf_show_chapters":false,"kf_show_chapters_expanded":false,"kf_show_post_outdated":true,"kf_post_authors":[],"kf_toggle_title":false,"teft_cards_label":"","kf_is_template":false,"teft_cards_image_id":0,"teft_cards_image_focal_point_x":0,"teft_cards_image_focal_point_y":0,"teft_cards_title":"","teft_cards_excerpt":"","footnotes":""},"class_list":["post-1126","page","type-page","status-publish","has-post-thumbnail","hentry"],"yoast_head":"<!-- This site is optimized with the Yoast SEO Premium plugin v26.8 (Yoast SEO v26.8) - https:\/\/yoast.com\/product\/yoast-seo-premium-wordpress\/ -->\n<title>Laks med lime, korianderpesto og mangosalat - Vardesenteret<\/title>\n<meta name=\"robots\" content=\"index, follow, max-snippet:-1, max-image-preview:large, max-video-preview:-1\" \/>\n<link rel=\"canonical\" href=\"https:\/\/kreftforeningen.no\/vardesenteret\/oppskrifter\/laks-med-lime-korianderpesto-og-mangosalat\/\" \/>\n<meta property=\"og:locale\" content=\"nb_NO\" \/>\n<meta property=\"og:type\" content=\"article\" \/>\n<meta property=\"og:title\" content=\"Laks med lime, korianderpesto og mangosalat\" \/>\n<meta property=\"og:description\" content=\"Ingredienser Laks 600 g laksefilet (bein- og skinnfri) 2 ts sitronpepper 2 ss soyasaus 1 ss flytende margarin 2 lime Korianderpesto 2 dl usaltede cashewn\u00f8tter 1 potte frisk koriander 2 hvitl\u00f8ksfedd 1 gr\u00f8nn chili 1 ss olivenolje \u00bd lime 1 ss hvit balsamicoeddik Mangosalat 2 modne mango \u00bd r\u00f8d chili \u00bd potte fersk koriander \u00bd [&hellip;]\" \/>\n<meta property=\"og:url\" content=\"https:\/\/kreftforeningen.no\/vardesenteret\/oppskrifter\/laks-med-lime-korianderpesto-og-mangosalat\/\" \/>\n<meta property=\"og:site_name\" content=\"Vardesenteret\" \/>\n<meta property=\"article:published_time\" content=\"2020-10-08T13:18:00+00:00\" \/>\n<meta property=\"article:modified_time\" content=\"2022-11-30T08:20:17+00:00\" \/>\n<meta property=\"og:image\" content=\"https:\/\/kreftforeningen.no\/content\/uploads\/2022\/01\/laks-og-mango-foto-sara-johannsen.jpg\" \/>\n\t<meta property=\"og:image:width\" content=\"2048\" \/>\n\t<meta property=\"og:image:height\" content=\"1536\" \/>\n\t<meta property=\"og:image:type\" content=\"image\/jpeg\" \/>\n<meta name=\"twitter:card\" content=\"summary_large_image\" \/>\n<meta name=\"twitter:label1\" content=\"Ansl. lesetid\" \/>\n\t<meta name=\"twitter:data1\" content=\"3 minutter\" \/>\n<script type=\"application\/ld+json\" class=\"yoast-schema-graph\">{\"@context\":\"https:\/\/schema.org\",\"@graph\":[{\"@type\":\"WebPage\",\"@id\":\"https:\/\/kreftforeningen.no\/vardesenteret\/oppskrifter\/laks-med-lime-korianderpesto-og-mangosalat\/\",\"url\":\"https:\/\/kreftforeningen.no\/vardesenteret\/oppskrifter\/laks-med-lime-korianderpesto-og-mangosalat\/\",\"name\":\"Laks med lime, korianderpesto og mangosalat - Vardesenteret\",\"isPartOf\":{\"@id\":\"https:\/\/kreftforeningen.no\/vardesenteret\/#website\"},\"primaryImageOfPage\":{\"@id\":\"https:\/\/kreftforeningen.no\/vardesenteret\/oppskrifter\/laks-med-lime-korianderpesto-og-mangosalat\/#primaryimage\"},\"image\":{\"@id\":\"https:\/\/kreftforeningen.no\/vardesenteret\/oppskrifter\/laks-med-lime-korianderpesto-og-mangosalat\/#primaryimage\"},\"thumbnailUrl\":\"https:\/\/kreftforeningen.no\/content\/uploads\/2022\/01\/laks-og-mango-foto-sara-johannsen.jpg\",\"datePublished\":\"2020-10-08T13:18:00+00:00\",\"dateModified\":\"2022-11-30T08:20:17+00:00\",\"breadcrumb\":{\"@id\":\"https:\/\/kreftforeningen.no\/vardesenteret\/oppskrifter\/laks-med-lime-korianderpesto-og-mangosalat\/#breadcrumb\"},\"inLanguage\":\"nb-NO\",\"potentialAction\":[{\"@type\":\"ReadAction\",\"target\":[\"https:\/\/kreftforeningen.no\/vardesenteret\/oppskrifter\/laks-med-lime-korianderpesto-og-mangosalat\/\"]}]},{\"@type\":\"ImageObject\",\"inLanguage\":\"nb-NO\",\"@id\":\"https:\/\/kreftforeningen.no\/vardesenteret\/oppskrifter\/laks-med-lime-korianderpesto-og-mangosalat\/#primaryimage\",\"url\":\"https:\/\/kreftforeningen.no\/content\/uploads\/2022\/01\/laks-og-mango-foto-sara-johannsen.jpg\",\"contentUrl\":\"https:\/\/kreftforeningen.no\/content\/uploads\/2022\/01\/laks-og-mango-foto-sara-johannsen.jpg\"},{\"@type\":\"BreadcrumbList\",\"@id\":\"https:\/\/kreftforeningen.no\/vardesenteret\/oppskrifter\/laks-med-lime-korianderpesto-og-mangosalat\/#breadcrumb\",\"itemListElement\":[{\"@type\":\"ListItem\",\"position\":1,\"name\":\"Forside\",\"item\":\"https:\/\/kreftforeningen.no\/vardesenteret\/\"},{\"@type\":\"ListItem\",\"position\":2,\"name\":\"Matoppskrifter ved kreft\",\"item\":\"https:\/\/kreftforeningen.no\/vardesenteret\/oppskrifter\/\"},{\"@type\":\"ListItem\",\"position\":3,\"name\":\"Laks med lime, korianderpesto og mangosalat\"}]},{\"@type\":\"WebSite\",\"@id\":\"https:\/\/kreftforeningen.no\/vardesenteret\/#website\",\"url\":\"https:\/\/kreftforeningen.no\/vardesenteret\/\",\"name\":\"Vardesenteret\",\"description\":\"\",\"publisher\":{\"@id\":\"https:\/\/kreftforeningen.no\/vardesenteret\/#organization\"},\"potentialAction\":[{\"@type\":\"SearchAction\",\"target\":{\"@type\":\"EntryPoint\",\"urlTemplate\":\"https:\/\/kreftforeningen.no\/vardesenteret\/?s={search_term_string}\"},\"query-input\":{\"@type\":\"PropertyValueSpecification\",\"valueRequired\":true,\"valueName\":\"search_term_string\"}}],\"inLanguage\":\"nb-NO\"},{\"@type\":\"Organization\",\"@id\":\"https:\/\/kreftforeningen.no\/vardesenteret\/#organization\",\"name\":\"Vardesenteret\",\"url\":\"https:\/\/kreftforeningen.no\/vardesenteret\/\",\"logo\":{\"@type\":\"ImageObject\",\"inLanguage\":\"nb-NO\",\"@id\":\"https:\/\/kreftforeningen.no\/vardesenteret\/#\/schema\/logo\/image\/\",\"url\":\"https:\/\/kreftforeningen.no\/content\/uploads\/2026\/02\/cropped-Vardesenter_signatur_sort_horisontal_uten-undertekst-e1589886700835.png\",\"contentUrl\":\"https:\/\/kreftforeningen.no\/content\/uploads\/2026\/02\/cropped-Vardesenter_signatur_sort_horisontal_uten-undertekst-e1589886700835.png\",\"caption\":\"Vardesenteret\"},\"image\":{\"@id\":\"https:\/\/kreftforeningen.no\/vardesenteret\/#\/schema\/logo\/image\/\"}}]}<\/script>\n<!-- \/ Yoast SEO Premium plugin. -->","yoast_head_json":{"title":"Laks med lime, korianderpesto og mangosalat - Vardesenteret","robots":{"index":"index","follow":"follow","max-snippet":"max-snippet:-1","max-image-preview":"max-image-preview:large","max-video-preview":"max-video-preview:-1"},"canonical":"https:\/\/kreftforeningen.no\/vardesenteret\/oppskrifter\/laks-med-lime-korianderpesto-og-mangosalat\/","og_locale":"nb_NO","og_type":"article","og_title":"Laks med lime, korianderpesto og mangosalat","og_description":"Ingredienser Laks 600 g laksefilet (bein- og skinnfri) 2 ts sitronpepper 2 ss soyasaus 1 ss flytende margarin 2 lime Korianderpesto 2 dl usaltede cashewn\u00f8tter 1 potte frisk koriander 2 hvitl\u00f8ksfedd 1 gr\u00f8nn chili 1 ss olivenolje \u00bd lime 1 ss hvit balsamicoeddik Mangosalat 2 modne mango \u00bd r\u00f8d chili \u00bd potte fersk koriander \u00bd [&hellip;]","og_url":"https:\/\/kreftforeningen.no\/vardesenteret\/oppskrifter\/laks-med-lime-korianderpesto-og-mangosalat\/","og_site_name":"Vardesenteret","article_published_time":"2020-10-08T13:18:00+00:00","article_modified_time":"2022-11-30T08:20:17+00:00","og_image":[{"width":2048,"height":1536,"url":"https:\/\/kreftforeningen.no\/content\/uploads\/2022\/01\/laks-og-mango-foto-sara-johannsen.jpg","type":"image\/jpeg"}],"twitter_card":"summary_large_image","twitter_misc":{"Ansl. lesetid":"3 minutter"},"schema":{"@context":"https:\/\/schema.org","@graph":[{"@type":"WebPage","@id":"https:\/\/kreftforeningen.no\/vardesenteret\/oppskrifter\/laks-med-lime-korianderpesto-og-mangosalat\/","url":"https:\/\/kreftforeningen.no\/vardesenteret\/oppskrifter\/laks-med-lime-korianderpesto-og-mangosalat\/","name":"Laks med lime, korianderpesto og mangosalat - Vardesenteret","isPartOf":{"@id":"https:\/\/kreftforeningen.no\/vardesenteret\/#website"},"primaryImageOfPage":{"@id":"https:\/\/kreftforeningen.no\/vardesenteret\/oppskrifter\/laks-med-lime-korianderpesto-og-mangosalat\/#primaryimage"},"image":{"@id":"https:\/\/kreftforeningen.no\/vardesenteret\/oppskrifter\/laks-med-lime-korianderpesto-og-mangosalat\/#primaryimage"},"thumbnailUrl":"https:\/\/kreftforeningen.no\/content\/uploads\/2022\/01\/laks-og-mango-foto-sara-johannsen.jpg","datePublished":"2020-10-08T13:18:00+00:00","dateModified":"2022-11-30T08:20:17+00:00","breadcrumb":{"@id":"https:\/\/kreftforeningen.no\/vardesenteret\/oppskrifter\/laks-med-lime-korianderpesto-og-mangosalat\/#breadcrumb"},"inLanguage":"nb-NO","potentialAction":[{"@type":"ReadAction","target":["https:\/\/kreftforeningen.no\/vardesenteret\/oppskrifter\/laks-med-lime-korianderpesto-og-mangosalat\/"]}]},{"@type":"ImageObject","inLanguage":"nb-NO","@id":"https:\/\/kreftforeningen.no\/vardesenteret\/oppskrifter\/laks-med-lime-korianderpesto-og-mangosalat\/#primaryimage","url":"https:\/\/kreftforeningen.no\/content\/uploads\/2022\/01\/laks-og-mango-foto-sara-johannsen.jpg","contentUrl":"https:\/\/kreftforeningen.no\/content\/uploads\/2022\/01\/laks-og-mango-foto-sara-johannsen.jpg"},{"@type":"BreadcrumbList","@id":"https:\/\/kreftforeningen.no\/vardesenteret\/oppskrifter\/laks-med-lime-korianderpesto-og-mangosalat\/#breadcrumb","itemListElement":[{"@type":"ListItem","position":1,"name":"Forside","item":"https:\/\/kreftforeningen.no\/vardesenteret\/"},{"@type":"ListItem","position":2,"name":"Matoppskrifter ved kreft","item":"https:\/\/kreftforeningen.no\/vardesenteret\/oppskrifter\/"},{"@type":"ListItem","position":3,"name":"Laks med lime, korianderpesto og mangosalat"}]},{"@type":"WebSite","@id":"https:\/\/kreftforeningen.no\/vardesenteret\/#website","url":"https:\/\/kreftforeningen.no\/vardesenteret\/","name":"Vardesenteret","description":"","publisher":{"@id":"https:\/\/kreftforeningen.no\/vardesenteret\/#organization"},"potentialAction":[{"@type":"SearchAction","target":{"@type":"EntryPoint","urlTemplate":"https:\/\/kreftforeningen.no\/vardesenteret\/?s={search_term_string}"},"query-input":{"@type":"PropertyValueSpecification","valueRequired":true,"valueName":"search_term_string"}}],"inLanguage":"nb-NO"},{"@type":"Organization","@id":"https:\/\/kreftforeningen.no\/vardesenteret\/#organization","name":"Vardesenteret","url":"https:\/\/kreftforeningen.no\/vardesenteret\/","logo":{"@type":"ImageObject","inLanguage":"nb-NO","@id":"https:\/\/kreftforeningen.no\/vardesenteret\/#\/schema\/logo\/image\/","url":"https:\/\/kreftforeningen.no\/content\/uploads\/2026\/02\/cropped-Vardesenter_signatur_sort_horisontal_uten-undertekst-e1589886700835.png","contentUrl":"https:\/\/kreftforeningen.no\/content\/uploads\/2026\/02\/cropped-Vardesenter_signatur_sort_horisontal_uten-undertekst-e1589886700835.png","caption":"Vardesenteret"},"image":{"@id":"https:\/\/kreftforeningen.no\/vardesenteret\/#\/schema\/logo\/image\/"}}]}},"_links":{"self":[{"href":"https:\/\/kreftforeningen.no\/vardesenteret\/wp-json\/wp\/v2\/pages\/1126"}],"collection":[{"href":"https:\/\/kreftforeningen.no\/vardesenteret\/wp-json\/wp\/v2\/pages"}],"about":[{"href":"https:\/\/kreftforeningen.no\/vardesenteret\/wp-json\/wp\/v2\/types\/page"}],"author":[{"embeddable":true,"href":"https:\/\/kreftforeningen.no\/vardesenteret\/wp-json\/wp\/v2\/users\/30"}],"replies":[{"embeddable":true,"href":"https:\/\/kreftforeningen.no\/vardesenteret\/wp-json\/wp\/v2\/comments?post=1126"}],"version-history":[{"count":7,"href":"https:\/\/kreftforeningen.no\/vardesenteret\/wp-json\/wp\/v2\/pages\/1126\/revisions"}],"predecessor-version":[{"id":3362,"href":"https:\/\/kreftforeningen.no\/vardesenteret\/wp-json\/wp\/v2\/pages\/1126\/revisions\/3362"}],"up":[{"embeddable":true,"href":"https:\/\/kreftforeningen.no\/vardesenteret\/wp-json\/wp\/v2\/pages\/1000"}],"wp:featuredmedia":[{"embeddable":true,"href":"https:\/\/kreftforeningen.no\/vardesenteret\/wp-json\/"}],"wp:attachment":[{"href":"https:\/\/kreftforeningen.no\/vardesenteret\/wp-json\/wp\/v2\/media?parent=1126"}],"curies":[{"name":"wp","href":"https:\/\/api.w.org\/{rel}","templated":true}]}}