{"id":6859,"date":"2024-10-29T12:58:46","date_gmt":"2024-10-29T11:58:46","guid":{"rendered":"https:\/\/kreftforeningen.no\/vardesenteret\/?page_id=6859"},"modified":"2024-10-29T12:58:48","modified_gmt":"2024-10-29T11:58:48","slug":"vardesenteret-fyller-10-ar","status":"publish","type":"page","link":"https:\/\/kreftforeningen.no\/vardesenteret\/bergen\/vardesenteret-fyller-10-ar\/","title":{"rendered":"Vardesenteret fyller 10 \u00e5r"},"content":{"rendered":"\n<div class=\"wp-block-kf-ingress\"><div class=\"kf-header__ingress\"><p>Torsdag 7. november markerer vi at Vardesenteret ved Haukeland Sjukehus fyller 10 \u00e5r. <\/p><\/div><\/div>\n\n\n\n<figure class=\"wp-block-image size-large\"><img loading=\"lazy\" decoding=\"async\" width=\"1024\" height=\"768\" src=\"https:\/\/kreftforeningen.no\/content\/uploads\/2024\/10\/Vardesenteret-ute11-1024x768.jpg\" alt=\"Et hvitt hus med skr\u00e5tak og en sammenhengende gangvei i glass omgitt av tr\u00e6r og busker under en overskyet himmel.\" class=\"wp-image-180045\" srcset=\"https:\/\/kreftforeningen.no\/content\/uploads\/2024\/10\/Vardesenteret-ute11-1024x768.jpg 1024w, https:\/\/kreftforeningen.no\/content\/uploads\/2024\/10\/Vardesenteret-ute11-300x225.jpg 300w, https:\/\/kreftforeningen.no\/content\/uploads\/2024\/10\/Vardesenteret-ute11-768x576.jpg 768w, https:\/\/kreftforeningen.no\/content\/uploads\/2024\/10\/Vardesenteret-ute11-1536x1152.jpg 1536w, https:\/\/kreftforeningen.no\/content\/uploads\/2024\/10\/Vardesenteret-ute11-2048x1536.jpg 2048w, https:\/\/kreftforeningen.no\/content\/uploads\/2024\/10\/Vardesenteret-ute11-800x600.jpg 800w, https:\/\/kreftforeningen.no\/content\/uploads\/2024\/10\/Vardesenteret-ute11-135x101.jpg 135w\" sizes=\"(max-width: 1024px) 100vw, 1024px\" \/><\/figure>\n\n\n\n<p>10-\u00e5rs jubileumet markeres med et arrangement p\u00e5 Bikuben kurs og konferansesenter fra kl 12:30-14:00. <\/p>\n\n\n\n<p>Der blir det hilsningstaler, foredrag, sofasamtale med pasient og p\u00e5r\u00f8rende, musikkinnslag og mye mer. Deretter g\u00e5r vi ned p\u00e5 Vardesenteret og feirer med kaffe og kaker.<\/p>\n\n\n\n<p>Alle er hjertelig velkommen. Arrangementet er gratis og \u00e5pent for alle.<\/p>\n","protected":false},"excerpt":{"rendered":"<p>10-\u00e5rs jubileumet markeres med et arrangement p\u00e5 Bikuben kurs og konferansesenter fra kl 12:30-14:00. Der blir det hilsningstaler, foredrag, sofasamtale med pasient og p\u00e5r\u00f8rende, musikkinnslag og mye mer. Deretter g\u00e5r vi ned p\u00e5 Vardesenteret og feirer med kaffe og kaker. Alle er hjertelig velkommen. Arrangementet er gratis og \u00e5pent for alle.<\/p>\n","protected":false},"author":71,"featured_media":0,"parent":11,"menu_order":0,"comment_status":"closed","ping_status":"closed","template":"","meta":{"_relevanssi_hide_post":"","_relevanssi_hide_content":"","_relevanssi_pin_for_all":"","_relevanssi_pin_keywords":"","_relevanssi_unpin_keywords":"","_relevanssi_related_keywords":"","_relevanssi_related_include_ids":"","_relevanssi_related_exclude_ids":"","_relevanssi_related_no_append":"","_relevanssi_related_not_related":"","_relevanssi_related_posts":"3148,3838,4991,3049,6829,2511","_relevanssi_noindex_reason":"","kf_show_post_date":true,"kf_show_updated_date":false,"kf_show_print_page":false,"kf_show_chapters":false,"kf_show_chapters_expanded":false,"kf_show_post_outdated":true,"kf_post_authors":[],"kf_toggle_title":false,"teft_cards_label":"","kf_is_template":false,"teft_cards_image_id":0,"teft_cards_image_focal_point_x":0,"teft_cards_image_focal_point_y":0,"teft_cards_title":"","teft_cards_excerpt":"","footnotes":""},"class_list":["post-6859","page","type-page","status-publish","hentry"],"yoast_head":"<!-- This site is optimized with the Yoast SEO Premium plugin v26.8 (Yoast SEO v26.8) - https:\/\/yoast.com\/product\/yoast-seo-premium-wordpress\/ -->\n<title>Vardesenteret fyller 10 \u00e5r - Vardesenteret<\/title>\n<meta name=\"robots\" content=\"index, follow, max-snippet:-1, max-image-preview:large, max-video-preview:-1\" \/>\n<link rel=\"canonical\" href=\"https:\/\/kreftforeningen.no\/vardesenteret\/bergen\/vardesenteret-fyller-10-ar\/\" \/>\n<meta property=\"og:locale\" content=\"nb_NO\" \/>\n<meta property=\"og:type\" content=\"article\" \/>\n<meta property=\"og:title\" content=\"Vardesenteret fyller 10 \u00e5r\" \/>\n<meta property=\"og:description\" content=\"10-\u00e5rs jubileumet markeres med et arrangement p\u00e5 Bikuben kurs og konferansesenter fra kl 12:30-14:00. Der blir det hilsningstaler, foredrag, sofasamtale med pasient og p\u00e5r\u00f8rende, musikkinnslag og mye mer. Deretter g\u00e5r vi ned p\u00e5 Vardesenteret og feirer med kaffe og kaker. Alle er hjertelig velkommen. Arrangementet er gratis og \u00e5pent for alle.\" \/>\n<meta property=\"og:url\" content=\"https:\/\/kreftforeningen.no\/vardesenteret\/bergen\/vardesenteret-fyller-10-ar\/\" \/>\n<meta property=\"og:site_name\" content=\"Vardesenteret\" \/>\n<meta property=\"article:published_time\" content=\"2024-10-29T11:58:46+00:00\" \/>\n<meta property=\"article:modified_time\" content=\"2024-10-29T11:58:48+00:00\" \/>\n<meta name=\"twitter:card\" content=\"summary_large_image\" \/>\n<meta name=\"twitter:label1\" content=\"Ansl. lesetid\" \/>\n\t<meta name=\"twitter:data1\" content=\"1 minutt\" \/>\n<script type=\"application\/ld+json\" class=\"yoast-schema-graph\">{\"@context\":\"https:\/\/schema.org\",\"@graph\":[{\"@type\":\"WebPage\",\"@id\":\"https:\/\/kreftforeningen.no\/vardesenteret\/bergen\/vardesenteret-fyller-10-ar\/\",\"url\":\"https:\/\/kreftforeningen.no\/vardesenteret\/bergen\/vardesenteret-fyller-10-ar\/\",\"name\":\"Vardesenteret fyller 10 \u00e5r - Vardesenteret\",\"isPartOf\":{\"@id\":\"https:\/\/kreftforeningen.no\/vardesenteret\/#website\"},\"primaryImageOfPage\":{\"@id\":\"https:\/\/kreftforeningen.no\/vardesenteret\/bergen\/vardesenteret-fyller-10-ar\/#primaryimage\"},\"image\":{\"@id\":\"https:\/\/kreftforeningen.no\/vardesenteret\/bergen\/vardesenteret-fyller-10-ar\/#primaryimage\"},\"thumbnailUrl\":\"https:\/\/kreftforeningen.no\/content\/uploads\/2024\/10\/Vardesenteret-ute11-1024x768.jpg\",\"datePublished\":\"2024-10-29T11:58:46+00:00\",\"dateModified\":\"2024-10-29T11:58:48+00:00\",\"breadcrumb\":{\"@id\":\"https:\/\/kreftforeningen.no\/vardesenteret\/bergen\/vardesenteret-fyller-10-ar\/#breadcrumb\"},\"inLanguage\":\"nb-NO\",\"potentialAction\":[{\"@type\":\"ReadAction\",\"target\":[\"https:\/\/kreftforeningen.no\/vardesenteret\/bergen\/vardesenteret-fyller-10-ar\/\"]}]},{\"@type\":\"ImageObject\",\"inLanguage\":\"nb-NO\",\"@id\":\"https:\/\/kreftforeningen.no\/vardesenteret\/bergen\/vardesenteret-fyller-10-ar\/#primaryimage\",\"url\":\"https:\/\/kreftforeningen.no\/content\/uploads\/2024\/10\/Vardesenteret-ute11-1024x768.jpg\",\"contentUrl\":\"https:\/\/kreftforeningen.no\/content\/uploads\/2024\/10\/Vardesenteret-ute11-1024x768.jpg\"},{\"@type\":\"BreadcrumbList\",\"@id\":\"https:\/\/kreftforeningen.no\/vardesenteret\/bergen\/vardesenteret-fyller-10-ar\/#breadcrumb\",\"itemListElement\":[{\"@type\":\"ListItem\",\"position\":1,\"name\":\"Forside\",\"item\":\"https:\/\/kreftforeningen.no\/vardesenteret\/\"},{\"@type\":\"ListItem\",\"position\":2,\"name\":\"Vardesenteret i Bergen\",\"item\":\"https:\/\/kreftforeningen.no\/vardesenteret\/bergen\/\"},{\"@type\":\"ListItem\",\"position\":3,\"name\":\"Vardesenteret fyller 10 \u00e5r\"}]},{\"@type\":\"WebSite\",\"@id\":\"https:\/\/kreftforeningen.no\/vardesenteret\/#website\",\"url\":\"https:\/\/kreftforeningen.no\/vardesenteret\/\",\"name\":\"Vardesenteret\",\"description\":\"\",\"publisher\":{\"@id\":\"https:\/\/kreftforeningen.no\/vardesenteret\/#organization\"},\"potentialAction\":[{\"@type\":\"SearchAction\",\"target\":{\"@type\":\"EntryPoint\",\"urlTemplate\":\"https:\/\/kreftforeningen.no\/vardesenteret\/?s={search_term_string}\"},\"query-input\":{\"@type\":\"PropertyValueSpecification\",\"valueRequired\":true,\"valueName\":\"search_term_string\"}}],\"inLanguage\":\"nb-NO\"},{\"@type\":\"Organization\",\"@id\":\"https:\/\/kreftforeningen.no\/vardesenteret\/#organization\",\"name\":\"Vardesenteret\",\"url\":\"https:\/\/kreftforeningen.no\/vardesenteret\/\",\"logo\":{\"@type\":\"ImageObject\",\"inLanguage\":\"nb-NO\",\"@id\":\"https:\/\/kreftforeningen.no\/vardesenteret\/#\/schema\/logo\/image\/\",\"url\":\"https:\/\/kreftforeningen.no\/content\/uploads\/2026\/02\/cropped-Vardesenter_signatur_sort_horisontal_uten-undertekst-e1589886700835.png\",\"contentUrl\":\"https:\/\/kreftforeningen.no\/content\/uploads\/2026\/02\/cropped-Vardesenter_signatur_sort_horisontal_uten-undertekst-e1589886700835.png\",\"caption\":\"Vardesenteret\"},\"image\":{\"@id\":\"https:\/\/kreftforeningen.no\/vardesenteret\/#\/schema\/logo\/image\/\"}}]}<\/script>\n<!-- \/ Yoast SEO Premium plugin. -->","yoast_head_json":{"title":"Vardesenteret fyller 10 \u00e5r - Vardesenteret","robots":{"index":"index","follow":"follow","max-snippet":"max-snippet:-1","max-image-preview":"max-image-preview:large","max-video-preview":"max-video-preview:-1"},"canonical":"https:\/\/kreftforeningen.no\/vardesenteret\/bergen\/vardesenteret-fyller-10-ar\/","og_locale":"nb_NO","og_type":"article","og_title":"Vardesenteret fyller 10 \u00e5r","og_description":"10-\u00e5rs jubileumet markeres med et arrangement p\u00e5 Bikuben kurs og konferansesenter fra kl 12:30-14:00. Der blir det hilsningstaler, foredrag, sofasamtale med pasient og p\u00e5r\u00f8rende, musikkinnslag og mye mer. Deretter g\u00e5r vi ned p\u00e5 Vardesenteret og feirer med kaffe og kaker. Alle er hjertelig velkommen. Arrangementet er gratis og \u00e5pent for alle.","og_url":"https:\/\/kreftforeningen.no\/vardesenteret\/bergen\/vardesenteret-fyller-10-ar\/","og_site_name":"Vardesenteret","article_published_time":"2024-10-29T11:58:46+00:00","article_modified_time":"2024-10-29T11:58:48+00:00","twitter_card":"summary_large_image","twitter_misc":{"Ansl. lesetid":"1 minutt"},"schema":{"@context":"https:\/\/schema.org","@graph":[{"@type":"WebPage","@id":"https:\/\/kreftforeningen.no\/vardesenteret\/bergen\/vardesenteret-fyller-10-ar\/","url":"https:\/\/kreftforeningen.no\/vardesenteret\/bergen\/vardesenteret-fyller-10-ar\/","name":"Vardesenteret fyller 10 \u00e5r - Vardesenteret","isPartOf":{"@id":"https:\/\/kreftforeningen.no\/vardesenteret\/#website"},"primaryImageOfPage":{"@id":"https:\/\/kreftforeningen.no\/vardesenteret\/bergen\/vardesenteret-fyller-10-ar\/#primaryimage"},"image":{"@id":"https:\/\/kreftforeningen.no\/vardesenteret\/bergen\/vardesenteret-fyller-10-ar\/#primaryimage"},"thumbnailUrl":"https:\/\/kreftforeningen.no\/content\/uploads\/2024\/10\/Vardesenteret-ute11-1024x768.jpg","datePublished":"2024-10-29T11:58:46+00:00","dateModified":"2024-10-29T11:58:48+00:00","breadcrumb":{"@id":"https:\/\/kreftforeningen.no\/vardesenteret\/bergen\/vardesenteret-fyller-10-ar\/#breadcrumb"},"inLanguage":"nb-NO","potentialAction":[{"@type":"ReadAction","target":["https:\/\/kreftforeningen.no\/vardesenteret\/bergen\/vardesenteret-fyller-10-ar\/"]}]},{"@type":"ImageObject","inLanguage":"nb-NO","@id":"https:\/\/kreftforeningen.no\/vardesenteret\/bergen\/vardesenteret-fyller-10-ar\/#primaryimage","url":"https:\/\/kreftforeningen.no\/content\/uploads\/2024\/10\/Vardesenteret-ute11-1024x768.jpg","contentUrl":"https:\/\/kreftforeningen.no\/content\/uploads\/2024\/10\/Vardesenteret-ute11-1024x768.jpg"},{"@type":"BreadcrumbList","@id":"https:\/\/kreftforeningen.no\/vardesenteret\/bergen\/vardesenteret-fyller-10-ar\/#breadcrumb","itemListElement":[{"@type":"ListItem","position":1,"name":"Forside","item":"https:\/\/kreftforeningen.no\/vardesenteret\/"},{"@type":"ListItem","position":2,"name":"Vardesenteret i Bergen","item":"https:\/\/kreftforeningen.no\/vardesenteret\/bergen\/"},{"@type":"ListItem","position":3,"name":"Vardesenteret fyller 10 \u00e5r"}]},{"@type":"WebSite","@id":"https:\/\/kreftforeningen.no\/vardesenteret\/#website","url":"https:\/\/kreftforeningen.no\/vardesenteret\/","name":"Vardesenteret","description":"","publisher":{"@id":"https:\/\/kreftforeningen.no\/vardesenteret\/#organization"},"potentialAction":[{"@type":"SearchAction","target":{"@type":"EntryPoint","urlTemplate":"https:\/\/kreftforeningen.no\/vardesenteret\/?s={search_term_string}"},"query-input":{"@type":"PropertyValueSpecification","valueRequired":true,"valueName":"search_term_string"}}],"inLanguage":"nb-NO"},{"@type":"Organization","@id":"https:\/\/kreftforeningen.no\/vardesenteret\/#organization","name":"Vardesenteret","url":"https:\/\/kreftforeningen.no\/vardesenteret\/","logo":{"@type":"ImageObject","inLanguage":"nb-NO","@id":"https:\/\/kreftforeningen.no\/vardesenteret\/#\/schema\/logo\/image\/","url":"https:\/\/kreftforeningen.no\/content\/uploads\/2026\/02\/cropped-Vardesenter_signatur_sort_horisontal_uten-undertekst-e1589886700835.png","contentUrl":"https:\/\/kreftforeningen.no\/content\/uploads\/2026\/02\/cropped-Vardesenter_signatur_sort_horisontal_uten-undertekst-e1589886700835.png","caption":"Vardesenteret"},"image":{"@id":"https:\/\/kreftforeningen.no\/vardesenteret\/#\/schema\/logo\/image\/"}}]}},"_links":{"self":[{"href":"https:\/\/kreftforeningen.no\/vardesenteret\/wp-json\/wp\/v2\/pages\/6859"}],"collection":[{"href":"https:\/\/kreftforeningen.no\/vardesenteret\/wp-json\/wp\/v2\/pages"}],"about":[{"href":"https:\/\/kreftforeningen.no\/vardesenteret\/wp-json\/wp\/v2\/types\/page"}],"author":[{"embeddable":true,"href":"https:\/\/kreftforeningen.no\/vardesenteret\/wp-json\/wp\/v2\/users\/71"}],"replies":[{"embeddable":true,"href":"https:\/\/kreftforeningen.no\/vardesenteret\/wp-json\/wp\/v2\/comments?post=6859"}],"version-history":[{"count":2,"href":"https:\/\/kreftforeningen.no\/vardesenteret\/wp-json\/wp\/v2\/pages\/6859\/revisions"}],"predecessor-version":[{"id":6915,"href":"https:\/\/kreftforeningen.no\/vardesenteret\/wp-json\/wp\/v2\/pages\/6859\/revisions\/6915"}],"up":[{"embeddable":true,"href":"https:\/\/kreftforeningen.no\/vardesenteret\/wp-json\/wp\/v2\/pages\/11"}],"wp:attachment":[{"href":"https:\/\/kreftforeningen.no\/vardesenteret\/wp-json\/wp\/v2\/media?parent=6859"}],"curies":[{"name":"wp","href":"https:\/\/api.w.org\/{rel}","templated":true}]}}